{"id":1260,"date":"2015-04-15T15:30:36","date_gmt":"2015-04-15T15:30:36","guid":{"rendered":"http:\/\/ww2.museosantacruz.org\/wp-content\/uploads\/2015\/04\/Fotos-antiguas-217.jpg"},"modified":"2015-04-23T01:42:13","modified_gmt":"2015-04-23T01:42:13","slug":"fotos-antiguas-217","status":"inherit","type":"attachment","link":"https:\/\/ww2.museosantacruz.org\/?attachment_id=1260","title":{"rendered":"Proclamaci\u00f3n de la Rep\u00fablica en Santa Cruz, 14 de Abril de 1931"},"author":1,"featured_media":0,"comment_status":"closed","ping_status":"open","template":"","meta":[],"categories":[],"class_list":["post-1260","attachment","type-attachment","status-inherit","hentry"],"description":{"rendered":"<p class=\"attachment\"><a href='https:\/\/ww2.museosantacruz.org\/wp-content\/uploads\/2015\/04\/Fotos-antiguas-217.jpg'><img loading=\"lazy\" decoding=\"async\" width=\"211\" height=\"300\" src=\"https:\/\/ww2.museosantacruz.org\/wp-content\/uploads\/2015\/04\/Fotos-antiguas-217-211x300.jpg\" class=\"attachment-medium size-medium\" alt=\"\" srcset=\"https:\/\/ww2.museosantacruz.org\/wp-content\/uploads\/2015\/04\/Fotos-antiguas-217-211x300.jpg 211w, https:\/\/ww2.museosantacruz.org\/wp-content\/uploads\/2015\/04\/Fotos-antiguas-217.jpg 531w\" sizes=\"auto, (max-width: 211px) 100vw, 211px\" \/><\/a><\/p>\n"},"caption":{"rendered":"<p>Proclamaci\u00f3n de la Rep\u00fablica en Santa Cruz, el d\u00eda 14 de Abril de 1931 en la Calle Empedrada. <a class=\"continue-reading-link\" href=\"https:\/\/ww2.museosantacruz.org\/?attachment_id=1260\">Continue reading<\/a><\/p>\n"},"alt_text":"","media_type":"image","mime_type":"image\/jpeg","media_details":{"width":531,"height":756,"file":"2015\/04\/Fotos-antiguas-217.jpg","sizes":{"thumbnail":{"file":"Fotos-antiguas-217-150x150.jpg","width":150,"height":150,"mime_type":"image\/jpeg","source_url":"https:\/\/ww2.museosantacruz.org\/wp-content\/uploads\/2015\/04\/Fotos-antiguas-217-150x150.jpg"},"medium":{"file":"Fotos-antiguas-217-211x300.jpg","width":211,"height":300,"mime_type":"image\/jpeg","source_url":"https:\/\/ww2.museosantacruz.org\/wp-content\/uploads\/2015\/04\/Fotos-antiguas-217-211x300.jpg"},"full":{"file":"Fotos-antiguas-217.jpg","width":531,"height":756,"mime_type":"image\/jpeg","source_url":"https:\/\/ww2.museosantacruz.org\/wp-content\/uploads\/2015\/04\/Fotos-antiguas-217.jpg"}},"image_meta":{"aperture":0,"credit":"","camera":"","caption":"","created_timestamp":0,"copyright":"","focal_length":0,"iso":0,"shutter_speed":0,"title":"","orientation":0}},"post":null,"source_url":"https:\/\/ww2.museosantacruz.org\/wp-content\/uploads\/2015\/04\/Fotos-antiguas-217.jpg","_links":{"self":[{"href":"https:\/\/ww2.museosantacruz.org\/index.php?rest_route=\/wp\/v2\/media\/1260","targetHints":{"allow":["GET"]}}],"collection":[{"href":"https:\/\/ww2.museosantacruz.org\/index.php?rest_route=\/wp\/v2\/media"}],"about":[{"href":"https:\/\/ww2.museosantacruz.org\/index.php?rest_route=\/wp\/v2\/types\/attachment"}],"author":[{"embeddable":true,"href":"https:\/\/ww2.museosantacruz.org\/index.php?rest_route=\/wp\/v2\/users\/1"}],"replies":[{"embeddable":true,"href":"https:\/\/ww2.museosantacruz.org\/index.php?rest_route=%2Fwp%2Fv2%2Fcomments&post=1260"}],"wp:term":[{"taxonomy":"category","embeddable":true,"href":"https:\/\/ww2.museosantacruz.org\/index.php?rest_route=%2Fwp%2Fv2%2Fcategories&post=1260"}],"curies":[{"name":"wp","href":"https:\/\/api.w.org\/{rel}","templated":true}]}}

Proclamación de la República en Santa Cruz, 14 de Abril de 1931

<p>Proclamación de la República en Santa Cruz, el día 14 de Abril de 1931 en la Calle Empedrada. <a class="continue-reading-link" href="https://ww2.museosantacruz.org/?attachment_id=1260">Continue reading</a></p>
