{"id":1272,"date":"2015-04-15T15:32:22","date_gmt":"2015-04-15T15:32:22","guid":{"rendered":"http:\/\/ww2.museosantacruz.org\/wp-content\/uploads\/2015\/04\/Fotos-antiguas-205.jpg"},"modified":"2015-04-23T01:42:13","modified_gmt":"2015-04-23T01:42:13","slug":"fotos-antiguas-205","status":"inherit","type":"attachment","link":"https:\/\/ww2.museosantacruz.org\/?attachment_id=1272","title":{"rendered":"Plaza: Ayuntamiento, Torre del Reloj y Escuelas. A\u00f1os 50."},"author":1,"featured_media":0,"comment_status":"closed","ping_status":"open","template":"","meta":[],"categories":[],"class_list":["post-1272","attachment","type-attachment","status-inherit","hentry"],"description":{"rendered":"<p class=\"attachment\"><a href='https:\/\/ww2.museosantacruz.org\/wp-content\/uploads\/2015\/04\/Fotos-antiguas-205.jpg'><img loading=\"lazy\" decoding=\"async\" width=\"300\" height=\"189\" src=\"https:\/\/ww2.museosantacruz.org\/wp-content\/uploads\/2015\/04\/Fotos-antiguas-205-300x189.jpg\" class=\"attachment-medium size-medium\" alt=\"\" srcset=\"https:\/\/ww2.museosantacruz.org\/wp-content\/uploads\/2015\/04\/Fotos-antiguas-205-300x189.jpg 300w, https:\/\/ww2.museosantacruz.org\/wp-content\/uploads\/2015\/04\/Fotos-antiguas-205.jpg 841w\" sizes=\"auto, (max-width: 300px) 100vw, 300px\" \/><\/a><\/p>\n"},"caption":{"rendered":"<p>Plaza: Ayuntamiento, Torre del Reloj y Escuelas. A\u00f1os 50. Jos\u00e9 Ces\u00e1reo <a class=\"continue-reading-link\" href=\"https:\/\/ww2.museosantacruz.org\/?attachment_id=1272\">Continue reading<\/a><\/p>\n"},"alt_text":"","media_type":"image","mime_type":"image\/jpeg","media_details":{"width":841,"height":529,"file":"2015\/04\/Fotos-antiguas-205.jpg","sizes":{"thumbnail":{"file":"Fotos-antiguas-205-150x150.jpg","width":150,"height":150,"mime_type":"image\/jpeg","source_url":"https:\/\/ww2.museosantacruz.org\/wp-content\/uploads\/2015\/04\/Fotos-antiguas-205-150x150.jpg"},"medium":{"file":"Fotos-antiguas-205-300x189.jpg","width":300,"height":189,"mime_type":"image\/jpeg","source_url":"https:\/\/ww2.museosantacruz.org\/wp-content\/uploads\/2015\/04\/Fotos-antiguas-205-300x189.jpg"},"full":{"file":"Fotos-antiguas-205.jpg","width":841,"height":529,"mime_type":"image\/jpeg","source_url":"https:\/\/ww2.museosantacruz.org\/wp-content\/uploads\/2015\/04\/Fotos-antiguas-205.jpg"}},"image_meta":{"aperture":0,"credit":"","camera":"","caption":"","created_timestamp":0,"copyright":"","focal_length":0,"iso":0,"shutter_speed":0,"title":"","orientation":0}},"post":null,"source_url":"https:\/\/ww2.museosantacruz.org\/wp-content\/uploads\/2015\/04\/Fotos-antiguas-205.jpg","_links":{"self":[{"href":"https:\/\/ww2.museosantacruz.org\/index.php?rest_route=\/wp\/v2\/media\/1272","targetHints":{"allow":["GET"]}}],"collection":[{"href":"https:\/\/ww2.museosantacruz.org\/index.php?rest_route=\/wp\/v2\/media"}],"about":[{"href":"https:\/\/ww2.museosantacruz.org\/index.php?rest_route=\/wp\/v2\/types\/attachment"}],"author":[{"embeddable":true,"href":"https:\/\/ww2.museosantacruz.org\/index.php?rest_route=\/wp\/v2\/users\/1"}],"replies":[{"embeddable":true,"href":"https:\/\/ww2.museosantacruz.org\/index.php?rest_route=%2Fwp%2Fv2%2Fcomments&post=1272"}],"wp:term":[{"taxonomy":"category","embeddable":true,"href":"https:\/\/ww2.museosantacruz.org\/index.php?rest_route=%2Fwp%2Fv2%2Fcategories&post=1272"}],"curies":[{"name":"wp","href":"https:\/\/api.w.org\/{rel}","templated":true}]}}

Plaza: Ayuntamiento, Torre del Reloj y Escuelas. Años 50.

<p>Plaza: Ayuntamiento, Torre del Reloj y Escuelas. Años 50. José Cesáreo <a class="continue-reading-link" href="https://ww2.museosantacruz.org/?attachment_id=1272">Continue reading</a></p>
