{"id":718,"date":"2015-03-13T11:16:34","date_gmt":"2015-03-13T11:16:34","guid":{"rendered":"http:\/\/ww2.museosantacruz.org\/wp-content\/uploads\/2015\/03\/Don_Victor_Haro_1950.jpg"},"modified":"2015-04-11T12:05:17","modified_gmt":"2015-04-11T12:05:17","slug":"don_victor_haro_1950","status":"inherit","type":"attachment","link":"https:\/\/ww2.museosantacruz.org\/?attachment_id=718","title":{"rendered":"Don_Victor_Haro_1950"},"author":1,"featured_media":0,"comment_status":"closed","ping_status":"open","template":"","meta":[],"categories":[],"class_list":["post-718","attachment","type-attachment","status-inherit","hentry"],"description":{"rendered":"<p class=\"attachment\"><a href='https:\/\/ww2.museosantacruz.org\/wp-content\/uploads\/2015\/03\/Don_Victor_Haro_1950.jpg'><img loading=\"lazy\" decoding=\"async\" width=\"300\" height=\"196\" src=\"https:\/\/ww2.museosantacruz.org\/wp-content\/uploads\/2015\/03\/Don_Victor_Haro_1950-300x196.jpg\" class=\"attachment-medium size-medium\" alt=\"\" srcset=\"https:\/\/ww2.museosantacruz.org\/wp-content\/uploads\/2015\/03\/Don_Victor_Haro_1950-300x196.jpg 300w, https:\/\/ww2.museosantacruz.org\/wp-content\/uploads\/2015\/03\/Don_Victor_Haro_1950.jpg 992w\" sizes=\"auto, (max-width: 300px) 100vw, 300px\" \/><\/a><\/p>\n<p>Maestro D. Victor Haro<br \/>\n1\u00aa Fila de pie: Juli\u00e1n Zacarias; C\u00e1ndido Hij\u00f3n \u00abAgujetillas\u00bb Luis Vindel: \u00abJaro\u00bb C\u00e1mara; Eugenio \u00abel Curro\u00bb; Jes\u00fas Can\u00f3vas; Clemencio Peinado; Manuel Trigo \u00abCulo Choto\u00bb; Enrique del Rey; Jer\u00f3nimo Escamilla.<br \/>\n2&#8217;Fila: Angel \u00abCangrena\u00bb; Felipe \u00abel Chato\u00bb; Paco \u00abMochuelo\u00bb; Enrique \u00abCalamaco\u00bb; Robustiano; Juli\u00e1n \u00abConejo\u00bb; Miguel \u00abSartenilla\u00bb; Miguel \u00abConejo\u00bb.<br \/>\nSentados:Juli\u00e1n \u00abCirilin\u00bb: Santiago \u00abel Churrero\u00bb; Pepe \u00abPichaldo\u00bb;Juli\u00e1n \u00abTrompetilla\u00bb, Teo C\u00e1mara; Felipe \u00abPesu\u00f1a\u00bb, Felipe \u00abChamorro\u00bb; \u00abMellizos Zacarias\u00bb, Cesareo \u00abEl del Hotel\u00bb; Federico<br \/>\nMedina; Pedro \u00abRo\u00f1as\u00bb<\/p>\n"},"caption":{"rendered":"<p>D. V\u00edctor Haro Torres con sus alumnos (ca. 1950). Maestro D. Victor Haro<br \/>\n1\u00aa Fila de pie: Juli\u00e1n Zacarias; C\u00e1ndido Hij\u00f3n \u00abAgujetillas\u00bb Luis Vindel: \u00abJaro\u00bb C\u00e1mara; Eugenio \u00abel Curro\u00bb; Jes\u00fas Can\u00f3vas; Clemencio Peinado; Manuel Trigo \u00abCulo Choto\u00bb; Enrique del Rey; Jer\u00f3nimo Escamilla.<br \/>\n2&#8217;Fila: Angel \u00abCangrena\u00bb; Felipe \u00abel Chato\u00bb; Paco \u00abMochuelo\u00bb; Enrique \u00abCalamaco\u00bb; Robustiano; Juli\u00e1n \u00abConejo\u00bb; Miguel \u00abSartenilla\u00bb; Miguel \u00abConejo\u00bb.<br \/>\nSentados:Juli\u00e1n \u00abCirilin\u00bb: Santiago \u00abel Churrero\u00bb; Pepe \u00abPichaldo\u00bb;Juli\u00e1n \u00abTrompetilla\u00bb, Teo C\u00e1mara; Felipe \u00abPesu\u00f1a\u00bb, Felipe \u00abChamorro\u00bb; \u00abMellizos Zacarias\u00bb, Cesareo \u00abEl del Hotel\u00bb; Federico<br \/>\nMedina; Pedro \u00abRo\u00f1as\u00bb <a class=\"continue-reading-link\" href=\"https:\/\/ww2.museosantacruz.org\/?attachment_id=718\">Continue reading<\/a><\/p>\n"},"alt_text":"","media_type":"image","mime_type":"image\/jpeg","media_details":{"width":992,"height":649,"file":"2015\/03\/Don_Victor_Haro_1950.jpg","sizes":{"thumbnail":{"file":"Don_Victor_Haro_1950-150x150.jpg","width":150,"height":150,"mime_type":"image\/jpeg","source_url":"https:\/\/ww2.museosantacruz.org\/wp-content\/uploads\/2015\/03\/Don_Victor_Haro_1950-150x150.jpg"},"medium":{"file":"Don_Victor_Haro_1950-300x196.jpg","width":300,"height":196,"mime_type":"image\/jpeg","source_url":"https:\/\/ww2.museosantacruz.org\/wp-content\/uploads\/2015\/03\/Don_Victor_Haro_1950-300x196.jpg"},"full":{"file":"Don_Victor_Haro_1950.jpg","width":992,"height":649,"mime_type":"image\/jpeg","source_url":"https:\/\/ww2.museosantacruz.org\/wp-content\/uploads\/2015\/03\/Don_Victor_Haro_1950.jpg"}},"image_meta":{"aperture":0,"credit":"","camera":"","caption":"","created_timestamp":0,"copyright":"","focal_length":0,"iso":0,"shutter_speed":0,"title":"","orientation":0}},"post":715,"source_url":"https:\/\/ww2.museosantacruz.org\/wp-content\/uploads\/2015\/03\/Don_Victor_Haro_1950.jpg","_links":{"self":[{"href":"https:\/\/ww2.museosantacruz.org\/index.php?rest_route=\/wp\/v2\/media\/718","targetHints":{"allow":["GET"]}}],"collection":[{"href":"https:\/\/ww2.museosantacruz.org\/index.php?rest_route=\/wp\/v2\/media"}],"about":[{"href":"https:\/\/ww2.museosantacruz.org\/index.php?rest_route=\/wp\/v2\/types\/attachment"}],"author":[{"embeddable":true,"href":"https:\/\/ww2.museosantacruz.org\/index.php?rest_route=\/wp\/v2\/users\/1"}],"replies":[{"embeddable":true,"href":"https:\/\/ww2.museosantacruz.org\/index.php?rest_route=%2Fwp%2Fv2%2Fcomments&post=718"}],"wp:term":[{"taxonomy":"category","embeddable":true,"href":"https:\/\/ww2.museosantacruz.org\/index.php?rest_route=%2Fwp%2Fv2%2Fcategories&post=718"}],"curies":[{"name":"wp","href":"https:\/\/api.w.org\/{rel}","templated":true}]}}

<p class="attachment"><a href='https://ww2.museosantacruz.org/wp-content/uploads/2015/03/Don_Victor_Haro_1950.jpg'><img loading="lazy" decoding="async" width="300" height="196" src="https://ww2.museosantacruz.org/wp-content/uploads/2015/03/Don_Victor_Haro_1950-300x196.jpg" class="attachment-medium size-medium" alt="" srcset="https://ww2.museosantacruz.org/wp-content/uploads/2015/03/Don_Victor_Haro_1950-300x196.jpg 300w, https://ww2.museosantacruz.org/wp-content/uploads/2015/03/Don_Victor_Haro_1950.jpg 992w" sizes="auto, (max-width: 300px) 100vw, 300px" /></a></p>
<p>Maestro D. Victor Haro<br />
1ª Fila de pie: Julián Zacarias; Cándido Hijón «Agujetillas» Luis Vindel: «Jaro» Cámara; Eugenio «el Curro»; Jesús Canóvas; Clemencio Peinado; Manuel Trigo «Culo Choto»; Enrique del Rey; Jerónimo Escamilla.<br />
2&#8217;Fila: Angel «Cangrena»; Felipe «el Chato»; Paco «Mochuelo»; Enrique «Calamaco»; Robustiano; Julián «Conejo»; Miguel «Sartenilla»; Miguel «Conejo».<br />
Sentados:Julián «Cirilin»: Santiago «el Churrero»; Pepe «Pichaldo»;Julián «Trompetilla», Teo Cámara; Felipe «Pesuña», Felipe «Chamorro»; «Mellizos Zacarias», Cesareo «El del Hotel»; Federico<br />
Medina; Pedro «Roñas»</p>

<p>D. Víctor Haro Torres con sus alumnos (ca. 1950). Maestro D. Victor Haro<br />
1ª Fila de pie: Julián Zacarias; Cándido Hijón «Agujetillas» Luis Vindel: «Jaro» Cámara; Eugenio «el Curro»; Jesús Canóvas; Clemencio Peinado; Manuel Trigo «Culo Choto»; Enrique del Rey; Jerónimo Escamilla.<br />
2&#8217;Fila: Angel «Cangrena»; Felipe «el Chato»; Paco «Mochuelo»; Enrique «Calamaco»; Robustiano; Julián «Conejo»; Miguel «Sartenilla»; Miguel «Conejo».<br />
Sentados:Julián «Cirilin»: Santiago «el Churrero»; Pepe «Pichaldo»;Julián «Trompetilla», Teo Cámara; Felipe «Pesuña», Felipe «Chamorro»; «Mellizos Zacarias», Cesareo «El del Hotel»; Federico<br />
Medina; Pedro «Roñas» <a class="continue-reading-link" href="https://ww2.museosantacruz.org/?attachment_id=718">Continue reading</a></p>
