{"id":2,"date":"2014-11-21T04:51:49","date_gmt":"2014-11-21T04:51:49","guid":{"rendered":"http:\/\/localhost\/wordpress-4.0.1\/wordpress\/?page_id=2"},"modified":"2024-02-25T09:16:33","modified_gmt":"2024-02-25T10:16:33","slug":"sample-page","status":"publish","type":"page","link":"https:\/\/ww2.museosantacruz.org\/?page_id=2","title":{"rendered":"El Museo"},"content":{"rendered":"<nav aria-label=\"breadcrumbs\">\n            <div class=\"breadcrumb-container theme4\">\n                <ol>\n                                    <\/ol>\n            <\/div>\n        <\/nav>    <script type=\"application\/ld+json\">\n        {\n            \"@context\": \"http:\/\/schema.org\",\n            \"@type\": \"BreadcrumbList\",\n            \"itemListElement\": [\n                            ]\n        }\n    <\/script>\n    <style type=\"text\/css\">\n        .breadcrumb-container {\n            font-size: 13px;\n        }\n\n        .breadcrumb-container ul {\n            margin: 0;\n            padding: 0;\n        }\n\n        .breadcrumb-container li {\n            box-sizing: unset;\n            display: inline-block;\n            margin: 0;\n            padding: 0;\n        }\n\n        .breadcrumb-container li a {\n            box-sizing: unset;\n            padding: 0 10px;\n        }\n\n        .breadcrumb-container {\n            font-size: 12px !important;\n                    }\n\n        .breadcrumb-container li a {\n            color: #301400 !important;\n            font-size: 12px !important;\n            line-height: 12px !important;\n                    }\n\n        .breadcrumb-container li .separator {\n            color: #000000 !important;\n            font-size: 12px !important;\n                    }\n\n        .breadcrumb-container li:last-child .separator {\n            display: none;\n        }\n    <\/style>\n    <style type=\"text\/css\">\n\n        .breadcrumb-container.theme4 li {\n            display: inline-block;\n            margin: 0 14px;\n            padding: 0;\n        }\n\n        .breadcrumb-container.theme4 a {\n            background: #ddb57a;\n            color: rgb(102, 102, 102);\n            display: inline-block;\n            font-size: 14px;\n            height: 16px;\n            margin: 0;\n            padding: 5px 10px;\n            text-decoration: none;\n            position:relative;\n        }\n\n\n        .breadcrumb-container.theme4 a::after {\n            -moz-border-bottom-colors: none;\n            -moz-border-left-colors: none;\n            -moz-border-right-colors: none;\n            -moz-border-top-colors: none;\n            border-color: rgba(0, 0, 0, 0) rgba(0, 0, 0, 0) rgba(0, 0, 0, 0) #ddb57a;\n            border-image: none;\n            border-style: solid;\n            border-width: 13px;\n            content: \" \";\n            display: inline-block;\n            height: 0;\n            line-height: 0;\n            position: absolute;\n            right: -26px;\n            top: 0;\n            width: 0;\n        }\n\n        .breadcrumb-container.theme4 .separator {\n            display: none;\n        }\n    <\/style>\n        <style type=\"text\/css\">\n        .breadcrumb-container{}\r\n.breadcrumb-container ul{}\r\n.breadcrumb-container li{}\r\n.breadcrumb-container a{}\r\n.breadcrumb-container .separator{}\r\n    <\/style>\n    <script>\n            <\/script>\n\n<h3><strong><a href=\"http:\/\/ww2.museosantacruz.org\/wp-content\/uploads\/2015\/03\/museo01.jpg\"><img loading=\"lazy\" decoding=\"async\" class=\" wp-image-263 size-full alignright\" src=\"http:\/\/ww2.museosantacruz.org\/wp-content\/uploads\/2015\/03\/museo01.jpg\" alt=\"museo01\" width=\"180\" height=\"240\" \/><\/a><span style=\"color: #800000;\"> Casa-Museo \u00abJoaqu\u00edn Arias\u00bb <\/span><\/strong><\/h3>\n<div data-canvas-width=\"256.34999999999997\">La sede del Museo, situada en la calle de Los Hidalgos, es una casa sencilla, en tres alturas, que conserva habitaciones y espacios originales de la arquitectura popular, algunas adaptadas con el paso del tiempo a una vivienda m\u00e1s moderna y habitable.<\/div>\n<p><img loading=\"lazy\" decoding=\"async\" class=\"wp-image-3662 alignleft\" src=\"https:\/\/ww2.museosantacruz.org\/wp-content\/uploads\/2024\/02\/PlanoMuseo0.jpg\" alt=\"Plano del Museo planta baja\" width=\"320\" height=\"213\" srcset=\"https:\/\/ww2.museosantacruz.org\/wp-content\/uploads\/2024\/02\/PlanoMuseo0.jpg 555w, https:\/\/ww2.museosantacruz.org\/wp-content\/uploads\/2024\/02\/PlanoMuseo0-300x200.jpg 300w, https:\/\/ww2.museosantacruz.org\/wp-content\/uploads\/2024\/02\/PlanoMuseo0-525x350.jpg 525w, https:\/\/ww2.museosantacruz.org\/wp-content\/uploads\/2024\/02\/PlanoMuseo0-150x100.jpg 150w\" sizes=\"auto, (max-width: 320px) 100vw, 320px\" \/>La casa consta de 3 plantas:<\/p>\n<p>En su <strong> <span style=\"text-decoration: underline;\">planta <\/span><\/strong><strong><span style=\"text-decoration: underline;\">baja<\/span> <\/strong>se encuentran tres habitaciones, que la Asociaci\u00f3n ha empleado habitualmente para sus <a title=\"Exposiciones\" href=\"http:\/\/ww2.museosantacruz.org\/?page_id=24\"> exposiciones<\/a> temporales. En esta planta se exponen actualmente muestras de alguna de esas exposiciones pasadas: <strong>\u00abNuestro cine\u00bb<\/strong>, <strong>\u00abLos zapateros\u00bb<\/strong>, <strong>\u00abLos alba\u00f1iles\u00bb<\/strong>, etc.,. fotograf\u00edas y materiales de divulgaci\u00f3n de la Asociaci\u00f3n.<\/p>\n<p>Desde la planta baja se accede a la <strong>cueva-bodega<\/strong>, saneada y devuelta a su estado original, que constituye uno de los \u00faltimos ejemplos de este tipo de construcci\u00f3n en el pueblo. En ella se puede observar un peque\u00f1o lagar para la elaboraci\u00f3n del vino, con varias tinajas de barro cocido al fuego.<\/p>\n<p>&nbsp;<\/p>\n<p><img loading=\"lazy\" decoding=\"async\" class=\"wp-image-3661 alignright\" src=\"https:\/\/ww2.museosantacruz.org\/wp-content\/uploads\/2024\/02\/PlanoMuseo1.jpg\" alt=\"Plano del Museo planta 1\" width=\"300\" height=\"200\" srcset=\"https:\/\/ww2.museosantacruz.org\/wp-content\/uploads\/2024\/02\/PlanoMuseo1.jpg 555w, https:\/\/ww2.museosantacruz.org\/wp-content\/uploads\/2024\/02\/PlanoMuseo1-300x200.jpg 300w, https:\/\/ww2.museosantacruz.org\/wp-content\/uploads\/2024\/02\/PlanoMuseo1-525x350.jpg 525w, https:\/\/ww2.museosantacruz.org\/wp-content\/uploads\/2024\/02\/PlanoMuseo1-150x100.jpg 150w\" sizes=\"auto, (max-width: 300px) 100vw, 300px\" \/>En la <strong> <span style=\"text-decoration: underline;\">primera planta<\/span><\/strong> hay dos espacios:<\/p>\n<ul>\n<li data-canvas-width=\"47.11666666666666\">Una sala, recuperada a su estado original, con techumbre con vigas de madera vista y artesonado de madera, en la que se ubica la exposici\u00f3n de la <strong> <a title=\"Escuela del siglo pasado\" href=\"http:\/\/ww2.museosantacruz.org\/?page_id=28\">Escuela del Siglo Pasado \u00abAula F\u00e9lix Avia\u00bb,<\/a><\/strong> en la que se reconstruye un aula similar a las de aquellos a\u00f1os, gracias al material que el maestro local D. F\u00e9lix Avia Pe\u00f1a (1921 \u2013 2006) hab\u00eda logrado conservar, y a donaciones de nuestros amigos y socios. En el aula se expone el mobiliario de la \u00e9poca (pupitres, mesa y pizarra, sillas, perchas, estufa, etc.,.) y material educativo y did\u00e1ctico: cartapacios, cuadernos de rotaci\u00f3n, enciclopedias, catecismos, manuales, rompecabezas, cuadros, estampas y mapas.<br \/>\nMenci\u00f3n especial merece la colecci\u00f3n completa de 10 l\u00e1minas de la\u00a0 \u201cHistoria de Espa\u00f1a\u201d de Saturnino Calleja (1915) y un mapa de Espa\u00f1a anterior a la p\u00e9rdida de las colonias de Cuba y Filipinas (1898).<\/li>\n<li data-canvas-width=\"400.3499999999999\">\n<div data-canvas-width=\"381.4\">\n<div data-canvas-width=\"381.4\">En la sala contigua figuran m\u00e1s materiales de ense\u00f1anza, juguetes y materiales educativos, fotos de las escuelas, de los maestros y de los alumnos.<\/div>\n<p>&nbsp;<\/p>\n<p><img loading=\"lazy\" decoding=\"async\" class=\"wp-image-3660 alignleft\" src=\"https:\/\/ww2.museosantacruz.org\/wp-content\/uploads\/2024\/02\/PlanoMuseo2.jpg\" alt=\"Plano del Museo planta 2\" width=\"330\" height=\"220\" srcset=\"https:\/\/ww2.museosantacruz.org\/wp-content\/uploads\/2024\/02\/PlanoMuseo2.jpg 555w, https:\/\/ww2.museosantacruz.org\/wp-content\/uploads\/2024\/02\/PlanoMuseo2-300x200.jpg 300w, https:\/\/ww2.museosantacruz.org\/wp-content\/uploads\/2024\/02\/PlanoMuseo2-525x350.jpg 525w, https:\/\/ww2.museosantacruz.org\/wp-content\/uploads\/2024\/02\/PlanoMuseo2-150x100.jpg 150w\" sizes=\"auto, (max-width: 330px) 100vw, 330px\" \/>En la <strong> <span style=\"text-decoration: underline;\">segunda planta<\/span><\/strong> (la \u00abc\u00e1mara) se presenta la exposici\u00f3n <strong><a title=\"Del surco a la era\" href=\"http:\/\/ww2.museosantacruz.org\/?page_id=26\">\u00abDel surco a la era\u00bb<\/a><\/strong>, con una parte del inventario que la Asociaci\u00f3n dispone sobre <strong> aperos de labranza<\/strong>: yugos, trillas, arados, herramientas de la \u00e9poca para la labranza y recolecci\u00f3n del campo. Adem\u00e1s de los materiales expuestos, la asociaci\u00f3n posee una galera, un trill\u00f3n, una tartana o calesa, y herramientas, aperos y utensilios agr\u00edcolas y enol\u00f3gicos que por problema de espacio no se pueden exponer en la Casa Museo.<\/p>\n<\/div>\n<\/li>\n<\/ul>\n<p>En la planta baja (\u00ab<strong><a title=\"\u201cTienda\u201d del Museo\" href=\"http:\/\/ww2.museosantacruz.org\/?page_id=763\">Tienda del Museo<\/a>\u00ab<\/strong>) se pueden adquirir las <a title=\"Publicaciones de ACAME\" href=\"http:\/\/ww2.museosantacruz.org\/?page_id=750\"><strong> publicaciones de ACAME<\/strong><\/a> y otros productos, cuya venta se destina \u00edntegramente a sufragar las actividades de la Asociaci\u00f3n.<\/p>\n<div id=\"attachment_307\" style=\"width: 310px\" class=\"wp-caption alignright\"><a href=\"http:\/\/ww2.museosantacruz.org\/wp-content\/uploads\/2015\/03\/saloida-museo-enologico-027-e1426177183349.jpg\"><img loading=\"lazy\" decoding=\"async\" aria-describedby=\"caption-attachment-307\" class=\"size-medium wp-image-307\" src=\"http:\/\/ww2.museosantacruz.org\/wp-content\/uploads\/2015\/03\/saloida-museo-enologico-027-300x225.jpg\" alt=\"Visita guiada al Museo\" width=\"300\" height=\"225\" \/><\/a><p id=\"caption-attachment-307\" class=\"wp-caption-text\">Visita guiada al Museo<\/p><\/div>\n<h3><span style=\"color: #800000;\">Visitas al museo<\/span><\/h3>\n<p>El museo permanece <strong>cerrado de lunes a viernes<\/strong>, salvo determinados per\u00edodos -Fiestas del pueblo- o con motivo de actividades temporales en la sede -talleres, exposiciones.<\/p>\n<p>Para visitar el museo en <strong>fines de semana<\/strong> &#8211;<span style=\"text-decoration: underline;\">grupos de al menos 4 personas<\/span>&#8211; puedes concertar la visita con antelaci\u00f3n en<br \/>\n<strong><a href=\"https:\/\/www.facebook.com\/OficinadeTurismodeSantaCruzdelaZarza\" target=\"_blank\" rel=\"noopener\">Oficina Municipal de Turismo de Santa Cruz de la Zarza<\/a> <\/strong>(m\u00f3vil <span class=\"x193iq5w xeuugli x13faqbe x1vvkbs x1xmvt09 x1lliihq x1s928wv xhkezso x1gmr53x x1cpjm7i x1fgarty x1943h6x xudqn12 x3x7a5m x6prxxf xvq8zen xo1l8bm xzsf02u x1yc453h\" dir=\"auto\">618 64 99 20, <\/span><img loading=\"lazy\" decoding=\"async\" class=\"x1b0d499 xuo83w3\" src=\"https:\/\/static.xx.fbcdn.net\/rsrc.php\/v3\/yO\/r\/W4m-1QXtJyK.png\" alt=\"\" width=\"20\" height=\"20\" \/><a href=\"mailto:turismo@santacruzdelazarza.es\" target=\"_blank\" rel=\"noopener\"><span class=\"x193iq5w xeuugli x13faqbe x1vvkbs x1xmvt09 x1lliihq x1s928wv xhkezso x1gmr53x x1cpjm7i x1fgarty x1943h6x xudqn12 x3x7a5m x6prxxf xvq8zen xo1l8bm xzsf02u x1yc453h\" dir=\"auto\"> turismo@santacruzdelazarza.es)<\/span><\/a><br \/>\nO en el tel\u00e9fono 635 57 30 27 (Dionisio).<\/p>\n<h3 style=\"text-align: center;\">Descargar <a href=\"https:\/\/ww2.museosantacruz.org\/wp-content\/uploads\/2024\/02\/Folleto-digital-ACAME-2024.pdf\" target=\"_blank\" rel=\"noopener\">Folleto descriptivo<\/a><\/h3>\n<h5 style=\"text-align: center;\">(se guardar\u00e1 en la carpeta de \u00abdescargas\u00bb)<\/h5>\n","protected":false},"excerpt":{"rendered":"<p>Casa-Museo \u00abJoaqu\u00edn Arias\u00bb La sede del Museo, situada en la calle de Los Hidalgos, es una casa sencilla, en tres alturas, que conserva habitaciones y espacios originales de la arquitectura popular, algunas adaptadas con el paso del tiempo a una vivienda m\u00e1s moderna y habitable. La casa consta de 3&#8230; <a class=\"continue-reading-link\" href=\"https:\/\/ww2.museosantacruz.org\/?page_id=2\">Continue reading<\/a><\/p>\n","protected":false},"author":1,"featured_media":0,"parent":0,"menu_order":2,"comment_status":"open","ping_status":"open","template":"","meta":{"footnotes":""},"class_list":["post-2","page","type-page","status-publish","hentry"],"_links":{"self":[{"href":"https:\/\/ww2.museosantacruz.org\/index.php?rest_route=\/wp\/v2\/pages\/2","targetHints":{"allow":["GET"]}}],"collection":[{"href":"https:\/\/ww2.museosantacruz.org\/index.php?rest_route=\/wp\/v2\/pages"}],"about":[{"href":"https:\/\/ww2.museosantacruz.org\/index.php?rest_route=\/wp\/v2\/types\/page"}],"author":[{"embeddable":true,"href":"https:\/\/ww2.museosantacruz.org\/index.php?rest_route=\/wp\/v2\/users\/1"}],"replies":[{"embeddable":true,"href":"https:\/\/ww2.museosantacruz.org\/index.php?rest_route=%2Fwp%2Fv2%2Fcomments&post=2"}],"version-history":[{"count":51,"href":"https:\/\/ww2.museosantacruz.org\/index.php?rest_route=\/wp\/v2\/pages\/2\/revisions"}],"predecessor-version":[{"id":3826,"href":"https:\/\/ww2.museosantacruz.org\/index.php?rest_route=\/wp\/v2\/pages\/2\/revisions\/3826"}],"wp:attachment":[{"href":"https:\/\/ww2.museosantacruz.org\/index.php?rest_route=%2Fwp%2Fv2%2Fmedia&parent=2"}],"curies":[{"name":"wp","href":"https:\/\/api.w.org\/{rel}","templated":true}]}}

<nav aria-label="breadcrumbs">
            <div class="breadcrumb-container theme4">
                <ol>
                                    </ol>
            </div>
        </nav>    <script type="application/ld+json">
        {
            "@context": "http://schema.org",
            "@type": "BreadcrumbList",
            "itemListElement": [
                            ]
        }
    </script>
    <style type="text/css">
        .breadcrumb-container {
            font-size: 13px;
        }

        .breadcrumb-container ul {
            margin: 0;
            padding: 0;
        }

        .breadcrumb-container li {
            box-sizing: unset;
            display: inline-block;
            margin: 0;
            padding: 0;
        }

        .breadcrumb-container li a {
            box-sizing: unset;
            padding: 0 10px;
        }

        .breadcrumb-container {
            font-size: 12px !important;
                    }

        .breadcrumb-container li a {
            color: #301400 !important;
            font-size: 12px !important;
            line-height: 12px !important;
                    }

        .breadcrumb-container li .separator {
            color: #000000 !important;
            font-size: 12px !important;
                    }

        .breadcrumb-container li:last-child .separator {
            display: none;
        }
    </style>
    <style type="text/css">

        .breadcrumb-container.theme4 li {
            display: inline-block;
            margin: 0 14px;
            padding: 0;
        }

        .breadcrumb-container.theme4 a {
            background: #ddb57a;
            color: rgb(102, 102, 102);
            display: inline-block;
            font-size: 14px;
            height: 16px;
            margin: 0;
            padding: 5px 10px;
            text-decoration: none;
            position:relative;
        }


        .breadcrumb-container.theme4 a::after {
            -moz-border-bottom-colors: none;
            -moz-border-left-colors: none;
            -moz-border-right-colors: none;
            -moz-border-top-colors: none;
            border-color: rgba(0, 0, 0, 0) rgba(0, 0, 0, 0) rgba(0, 0, 0, 0) #ddb57a;
            border-image: none;
            border-style: solid;
            border-width: 13px;
            content: " ";
            display: inline-block;
            height: 0;
            line-height: 0;
            position: absolute;
            right: -26px;
            top: 0;
            width: 0;
        }

        .breadcrumb-container.theme4 .separator {
            display: none;
        }
    </style>
        <style type="text/css">
        .breadcrumb-container{}
.breadcrumb-container ul{}
.breadcrumb-container li{}
.breadcrumb-container a{}
.breadcrumb-container .separator{}
    </style>
    <script>
            </script>

<h3><strong><a href="http://ww2.museosantacruz.org/wp-content/uploads/2015/03/museo01.jpg"><img loading="lazy" decoding="async" class=" wp-image-263 size-full alignright" src="http://ww2.museosantacruz.org/wp-content/uploads/2015/03/museo01.jpg" alt="museo01" width="180" height="240" /></a><span style="color: #800000;"> Casa-Museo «Joaquín Arias» </span></strong></h3>
<div data-canvas-width="256.34999999999997">La sede del Museo, situada en la calle de Los Hidalgos, es una casa sencilla, en tres alturas, que conserva habitaciones y espacios originales de la arquitectura popular, algunas adaptadas con el paso del tiempo a una vivienda más moderna y habitable.</div>
<p><img loading="lazy" decoding="async" class="wp-image-3662 alignleft" src="https://ww2.museosantacruz.org/wp-content/uploads/2024/02/PlanoMuseo0.jpg" alt="Plano del Museo planta baja" width="320" height="213" srcset="https://ww2.museosantacruz.org/wp-content/uploads/2024/02/PlanoMuseo0.jpg 555w, https://ww2.museosantacruz.org/wp-content/uploads/2024/02/PlanoMuseo0-300x200.jpg 300w, https://ww2.museosantacruz.org/wp-content/uploads/2024/02/PlanoMuseo0-525x350.jpg 525w, https://ww2.museosantacruz.org/wp-content/uploads/2024/02/PlanoMuseo0-150x100.jpg 150w" sizes="auto, (max-width: 320px) 100vw, 320px" />La casa consta de 3 plantas:</p>
<p>En su <strong> <span style="text-decoration: underline;">planta </span></strong><strong><span style="text-decoration: underline;">baja</span> </strong>se encuentran tres habitaciones, que la Asociación ha empleado habitualmente para sus <a title="Exposiciones" href="http://ww2.museosantacruz.org/?page_id=24"> exposiciones</a> temporales. En esta planta se exponen actualmente muestras de alguna de esas exposiciones pasadas: <strong>«Nuestro cine»</strong>, <strong>«Los zapateros»</strong>, <strong>«Los albañiles»</strong>, etc.,. fotografías y materiales de divulgación de la Asociación.</p>
<p>Desde la planta baja se accede a la <strong>cueva-bodega</strong>, saneada y devuelta a su estado original, que constituye uno de los últimos ejemplos de este tipo de construcción en el pueblo. En ella se puede observar un pequeño lagar para la elaboración del vino, con varias tinajas de barro cocido al fuego.</p>
<p>&nbsp;</p>
<p><img loading="lazy" decoding="async" class="wp-image-3661 alignright" src="https://ww2.museosantacruz.org/wp-content/uploads/2024/02/PlanoMuseo1.jpg" alt="Plano del Museo planta 1" width="300" height="200" srcset="https://ww2.museosantacruz.org/wp-content/uploads/2024/02/PlanoMuseo1.jpg 555w, https://ww2.museosantacruz.org/wp-content/uploads/2024/02/PlanoMuseo1-300x200.jpg 300w, https://ww2.museosantacruz.org/wp-content/uploads/2024/02/PlanoMuseo1-525x350.jpg 525w, https://ww2.museosantacruz.org/wp-content/uploads/2024/02/PlanoMuseo1-150x100.jpg 150w" sizes="auto, (max-width: 300px) 100vw, 300px" />En la <strong> <span style="text-decoration: underline;">primera planta</span></strong> hay dos espacios:</p>
<ul>
<li data-canvas-width="47.11666666666666">Una sala, recuperada a su estado original, con techumbre con vigas de madera vista y artesonado de madera, en la que se ubica la exposición de la <strong> <a title="Escuela del siglo pasado" href="http://ww2.museosantacruz.org/?page_id=28">Escuela del Siglo Pasado «Aula Félix Avia»,</a></strong> en la que se reconstruye un aula similar a las de aquellos años, gracias al material que el maestro local D. Félix Avia Peña (1921 – 2006) había logrado conservar, y a donaciones de nuestros amigos y socios. En el aula se expone el mobiliario de la época (pupitres, mesa y pizarra, sillas, perchas, estufa, etc.,.) y material educativo y didáctico: cartapacios, cuadernos de rotación, enciclopedias, catecismos, manuales, rompecabezas, cuadros, estampas y mapas.<br />
Mención especial merece la colección completa de 10 láminas de la  “Historia de España” de Saturnino Calleja (1915) y un mapa de España anterior a la pérdida de las colonias de Cuba y Filipinas (1898).</li>
<li data-canvas-width="400.3499999999999">
<div data-canvas-width="381.4">
<div data-canvas-width="381.4">En la sala contigua figuran más materiales de enseñanza, juguetes y materiales educativos, fotos de las escuelas, de los maestros y de los alumnos.</div>
<p>&nbsp;</p>
<p><img loading="lazy" decoding="async" class="wp-image-3660 alignleft" src="https://ww2.museosantacruz.org/wp-content/uploads/2024/02/PlanoMuseo2.jpg" alt="Plano del Museo planta 2" width="330" height="220" srcset="https://ww2.museosantacruz.org/wp-content/uploads/2024/02/PlanoMuseo2.jpg 555w, https://ww2.museosantacruz.org/wp-content/uploads/2024/02/PlanoMuseo2-300x200.jpg 300w, https://ww2.museosantacruz.org/wp-content/uploads/2024/02/PlanoMuseo2-525x350.jpg 525w, https://ww2.museosantacruz.org/wp-content/uploads/2024/02/PlanoMuseo2-150x100.jpg 150w" sizes="auto, (max-width: 330px) 100vw, 330px" />En la <strong> <span style="text-decoration: underline;">segunda planta</span></strong> (la «cámara) se presenta la exposición <strong><a title="Del surco a la era" href="http://ww2.museosantacruz.org/?page_id=26">«Del surco a la era»</a></strong>, con una parte del inventario que la Asociación dispone sobre <strong> aperos de labranza</strong>: yugos, trillas, arados, herramientas de la época para la labranza y recolección del campo. Además de los materiales expuestos, la asociación posee una galera, un trillón, una tartana o calesa, y herramientas, aperos y utensilios agrícolas y enológicos que por problema de espacio no se pueden exponer en la Casa Museo.</p>
</div>
</li>
</ul>
<p>En la planta baja («<strong><a title="“Tienda” del Museo" href="http://ww2.museosantacruz.org/?page_id=763">Tienda del Museo</a>«</strong>) se pueden adquirir las <a title="Publicaciones de ACAME" href="http://ww2.museosantacruz.org/?page_id=750"><strong> publicaciones de ACAME</strong></a> y otros productos, cuya venta se destina íntegramente a sufragar las actividades de la Asociación.</p>
<div id="attachment_307" style="width: 310px" class="wp-caption alignright"><a href="http://ww2.museosantacruz.org/wp-content/uploads/2015/03/saloida-museo-enologico-027-e1426177183349.jpg"><img loading="lazy" decoding="async" aria-describedby="caption-attachment-307" class="size-medium wp-image-307" src="http://ww2.museosantacruz.org/wp-content/uploads/2015/03/saloida-museo-enologico-027-300x225.jpg" alt="Visita guiada al Museo" width="300" height="225" /></a><p id="caption-attachment-307" class="wp-caption-text">Visita guiada al Museo</p></div>
<h3><span style="color: #800000;">Visitas al museo</span></h3>
<p>El museo permanece <strong>cerrado de lunes a viernes</strong>, salvo determinados períodos -Fiestas del pueblo- o con motivo de actividades temporales en la sede -talleres, exposiciones.</p>
<p>Para visitar el museo en <strong>fines de semana</strong> &#8211;<span style="text-decoration: underline;">grupos de al menos 4 personas</span>&#8211; puedes concertar la visita con antelación en<br />
<strong><a href="https://www.facebook.com/OficinadeTurismodeSantaCruzdelaZarza" target="_blank" rel="noopener">Oficina Municipal de Turismo de Santa Cruz de la Zarza</a> </strong>(móvil <span class="x193iq5w xeuugli x13faqbe x1vvkbs x1xmvt09 x1lliihq x1s928wv xhkezso x1gmr53x x1cpjm7i x1fgarty x1943h6x xudqn12 x3x7a5m x6prxxf xvq8zen xo1l8bm xzsf02u x1yc453h" dir="auto">618 64 99 20, </span><img loading="lazy" decoding="async" class="x1b0d499 xuo83w3" src="https://static.xx.fbcdn.net/rsrc.php/v3/yO/r/W4m-1QXtJyK.png" alt="" width="20" height="20" /><a href="mailto:turismo@santacruzdelazarza.es" target="_blank" rel="noopener"><span class="x193iq5w xeuugli x13faqbe x1vvkbs x1xmvt09 x1lliihq x1s928wv xhkezso x1gmr53x x1cpjm7i x1fgarty x1943h6x xudqn12 x3x7a5m x6prxxf xvq8zen xo1l8bm xzsf02u x1yc453h" dir="auto"> turismo@santacruzdelazarza.es)</span></a><br />
O en el teléfono 635 57 30 27 (Dionisio).</p>
<h3 style="text-align: center;">Descargar <a href="https://ww2.museosantacruz.org/wp-content/uploads/2024/02/Folleto-digital-ACAME-2024.pdf" target="_blank" rel="noopener">Folleto descriptivo</a></h3>
<h5 style="text-align: center;">(se guardará en la carpeta de «descargas»)</h5>

<p>Casa-Museo «Joaquín Arias» La sede del Museo, situada en la calle de Los Hidalgos, es una casa sencilla, en tres alturas, que conserva habitaciones y espacios originales de la arquitectura popular, algunas adaptadas con el paso del tiempo a una vivienda más moderna y habitable. La casa consta de 3&#8230; <a class="continue-reading-link" href="https://ww2.museosantacruz.org/?page_id=2">Continue reading</a></p>
