{"id":2249,"date":"2017-05-18T11:04:02","date_gmt":"2017-05-18T09:04:02","guid":{"rendered":"http:\/\/ww2.museosantacruz.org\/?page_id=2249"},"modified":"2024-02-15T21:45:22","modified_gmt":"2024-02-15T22:45:22","slug":"1808-2","status":"publish","type":"page","link":"https:\/\/ww2.museosantacruz.org\/?page_id=2249","title":{"rendered":"Padr\u00f3n de 1808"},"content":{"rendered":"<nav aria-label=\"breadcrumbs\">\n            <div class=\"breadcrumb-container theme4\">\n                <ol>\n                                    <\/ol>\n            <\/div>\n        <\/nav>    <script type=\"application\/ld+json\">\n        {\n            \"@context\": \"http:\/\/schema.org\",\n            \"@type\": \"BreadcrumbList\",\n            \"itemListElement\": [\n                            ]\n        }\n    <\/script>\n    <style type=\"text\/css\">\n        .breadcrumb-container {\n            font-size: 13px;\n        }\n\n        .breadcrumb-container ul {\n            margin: 0;\n            padding: 0;\n        }\n\n        .breadcrumb-container li {\n            box-sizing: unset;\n            display: inline-block;\n            margin: 0;\n            padding: 0;\n        }\n\n        .breadcrumb-container li a {\n            box-sizing: unset;\n            padding: 0 10px;\n        }\n\n        .breadcrumb-container {\n            font-size: 12px !important;\n                    }\n\n        .breadcrumb-container li a {\n            color: #301400 !important;\n            font-size: 12px !important;\n            line-height: 12px !important;\n                    }\n\n        .breadcrumb-container li .separator {\n            color: #000000 !important;\n            font-size: 12px !important;\n                    }\n\n        .breadcrumb-container li:last-child .separator {\n            display: none;\n        }\n    <\/style>\n    <style type=\"text\/css\">\n\n        .breadcrumb-container.theme4 li {\n            display: inline-block;\n            margin: 0 14px;\n            padding: 0;\n        }\n\n        .breadcrumb-container.theme4 a {\n            background: #ddb57a;\n            color: rgb(102, 102, 102);\n            display: inline-block;\n            font-size: 14px;\n            height: 16px;\n            margin: 0;\n            padding: 5px 10px;\n            text-decoration: none;\n            position:relative;\n        }\n\n\n        .breadcrumb-container.theme4 a::after {\n            -moz-border-bottom-colors: none;\n            -moz-border-left-colors: none;\n            -moz-border-right-colors: none;\n            -moz-border-top-colors: none;\n            border-color: rgba(0, 0, 0, 0) rgba(0, 0, 0, 0) rgba(0, 0, 0, 0) #ddb57a;\n            border-image: none;\n            border-style: solid;\n            border-width: 13px;\n            content: \" \";\n            display: inline-block;\n            height: 0;\n            line-height: 0;\n            position: absolute;\n            right: -26px;\n            top: 0;\n            width: 0;\n        }\n\n        .breadcrumb-container.theme4 .separator {\n            display: none;\n        }\n    <\/style>\n        <style type=\"text\/css\">\n        .breadcrumb-container{}\r\n.breadcrumb-container ul{}\r\n.breadcrumb-container li{}\r\n.breadcrumb-container a{}\r\n.breadcrumb-container .separator{}\r\n    <\/style>\n    <script>\n            <\/script>\n\n<h2>Presentaci\u00f3n<\/h2>\n<p><img loading=\"lazy\" decoding=\"async\" class=\"alignright size-large wp-image-2256\" src=\"http:\/\/ww2.museosantacruz.org\/wp-content\/uploads\/2017\/05\/1808-1024x262.jpg\" alt=\"\" width=\"800\" height=\"205\" srcset=\"https:\/\/ww2.museosantacruz.org\/wp-content\/uploads\/2017\/05\/1808-1024x262.jpg 1024w, https:\/\/ww2.museosantacruz.org\/wp-content\/uploads\/2017\/05\/1808-300x77.jpg 300w, https:\/\/ww2.museosantacruz.org\/wp-content\/uploads\/2017\/05\/1808-768x197.jpg 768w, https:\/\/ww2.museosantacruz.org\/wp-content\/uploads\/2017\/05\/1808.jpg 1276w\" sizes=\"auto, (max-width: 800px) 100vw, 800px\" \/>Tras los acontecimientos del 2 de mayo de 1808 en Madrid y la posterior llamada a la resistencia armada por parte del general Juan P\u00e9rez Villaamil, jefe de la Junta de Sustituci\u00f3n, y rubricada por los alcaldes de M\u00f3stoles, comienza la llamada <strong><em>Guerra de Independencia (1808-1814)<\/em>.<\/strong><\/p>\n<p>El 8 de agosto la Junta Permanente de Toledo se suma a la insurrecci\u00f3n y aprueba una <strong><a href=\"http:\/\/ww2.museosantacruz.org\/wp-admin\/post.php?post=2277&amp;action=edit\">proclama<\/a><\/strong>, enviada a todos los pueblos de la provincia, en la que se exponen las razones del llamamiento a combatir al <em>ej\u00e9rcito invasor<\/em>:<\/p>\n<p><span style=\"background-color: #ffcc99;\"><em>&#8230; Al arma, pues Toledanos, al arma: al arma, habitantes de la provincia de Toledo, al arma: haga ver al mundo entero vuestro valor y ardimiento, que si nuestros compatriotas se nos han adelantado \u00e1 tomar las armas, no les cedemos en el <strong>amor \u00e1 la patria<\/strong>, en el entusiasmo y zelo por nuestra <strong>Religion Santa<\/strong>, en el amor \u00e1 nuestro <strong>inocente y desgraciado FERNANDO el VII<\/strong>, y en el odio contra el <strong>imp\u00edo y p\u00e9rfido Napoleon<\/strong>.<\/em><\/span><\/p>\n<p>En ese mismo documento, la Junta Permanente ordena realizar un <strong><u>\u00abPadr\u00f3n de vecinos varones, de 16 a 40 a\u00f1os\u00bb<\/u><\/strong>, con car\u00e1cter inmediato, con vistas al establecimiento del cupo, sorteo y alistamiento militar en cada uno de los pueblos.<\/p>\n<h2><strong>El Padr\u00f3n de Santa Cruz<\/strong><\/h2>\n<p>La respuesta a orden tan urgente por parte de todas las Juntas Permanentes Provinciales se tradujo en el que hoy se reconoce como el primer gran censo nominal de habitantes de muchos pueblos de Espa\u00f1a, que proporciona datos de gran inter\u00e9s desde el punto de vista sociol\u00f3gico, econ\u00f3mico y demogr\u00e1fico, sobre todo por el hecho de que no se trat\u00f3 de un alistamiento ordinario -limitado por tanto a una quinta-, sino de un alistamiento general, que inclu\u00eda a todos los varones nacidos entre 1768 y 1792, adem\u00e1s de otros de mayor edad, como eran los ya retirados y licenciados del servicio militar.<\/p>\n<p>En la proclama de la Junta de Toledo, sin embargo, no se daban indicaciones precisas de c\u00f3mo ni d\u00f3nde deb\u00eda llevarse a cabo el padr\u00f3n, sino tan solo de los datos que obligatoriamente deb\u00eda recoger y del orden en que deb\u00eda presentarse. De esta manera se explica que los padrones proporcionados por diferentes pueblos fueran m\u00e1s o menos detallados. As\u00ed, en el <strong><a href=\"http:\/\/www.villadeorgaz.es\/La%20villa%20de%20Orgaz%20en%201808.pdf\" target=\"_blank\" rel=\"noopener noreferrer\">Padr\u00f3n de Orgaz<\/a>,<\/strong> que seguramente se llev\u00f3 a cabo <em>\u00aba casa hita\u00bb<\/em> (calle por calle y de puerta en puerta), se hace constar adem\u00e1s la calle donde viv\u00eda cada uno de los empadronados, con qui\u00e9n conviv\u00eda, lugar de nacimiento en el caso de los no naturales del pueblo y otras circunstancias familiares (n\u00famero de hijos, si era hu\u00e9rfano, etc.,.). El <strong><a href=\"https:\/\/memoriademora.files.wordpress.com\/2011\/03\/el-alistamiento-de-1808.pdf\" target=\"_blank\" rel=\"noopener noreferrer\">Padr\u00f3n de Mora<\/a><\/strong>, tambi\u00e9n <em>\u00aba casa hita\u00bb<\/em>, ofrece tambi\u00e9n numerosos datos adicionales, que permiten analizar muchos aspectos de la villa en 1808, como son los relativos al callejero de la \u00e9poca y a la distribuci\u00f3n de la poblaci\u00f3n.<\/p>\n<p>En Santa Cruz el padr\u00f3n se llev\u00f3 a cabo probablemente mediante citaci\u00f3n p\u00fablica y llamada al Ayuntamiento y, tal vez por ello, es menos prolijo que los padrones anteriormente mencionados, puesto que recoge exclusivamente los datos obligatorios: nombre, apellido(s), talla, ocupaci\u00f3n y clase. El original del documento, firmado el 17 de agosto de 1808, se encuentra en el Fondo hist\u00f3rico, caja n\u00fam. <a href=\"http:\/\/padrones1808.jccm.es\/displayimage.php?album=138&amp;pos=1\" target=\"_blank\" rel=\"noopener noreferrer\">6079<\/a>, del Archivo de Castilla-La Mancha y puede consultarse p\u00e1gina a p\u00e1gina.\u00a0\u00a0El <strong><a href=\"http:\/\/ww2.museosantacruz.org\/wp-content\/uploads\/2017\/05\/Padron1808.pdf\">documento completo<\/a><\/strong> (60 p\u00e1gs.) que se ha utilizado para la transcripci\u00f3n est\u00e1 disponible en est\u00e1\u00a0p\u00e1gina web de <strong>ACAME \u00abJ. Arias\u00bb<\/strong>.<\/p>\n<p>Tal como se ordenaba\u00a0en la proclama, la elaboraci\u00f3n del censo se llev\u00f3 a cabo bajo la supervisi\u00f3n y presencia de los dos alcaldes ordinarios<a href=\"#_ftn2\" name=\"_ftnref2\">[2]<\/a> de la villa, Don Pedro Mej\u00eda y Raboso (por el estado noble) y Don Juan Enrique Serrano Pingarr\u00f3n (por el estado plebeyo), con asistencia de D. Andr\u00e9s Morales y D. Tiburcio Romero y P\u00e9rez, curas p\u00e1rrocos de la Iglesias de Santiago y de San Miguel.<\/p>\n<p>Conviene insistir en este punto que el Padr\u00f3n no es, en absoluto, la lista de los llamados definitivamente a filas, sino que es un documento previo de recogida de datos para conocer los posibles efectivos disponibles en toda la provincia, pueblo a pueblo. M\u00e1s tarde, teniendo en cuenta los datos de todos los padrones, deber\u00eda establecerse el cupo de reclutas asignado a cada localidad para su clasificaci\u00f3n y sorteo correspondiente.<\/p>\n<h3>Transcripci\u00f3n<\/h3>\n<p>La transcripci\u00f3n del texto no reviste mayor dificultad, ya que la caligraf\u00eda es muy similar a la actual. El documento fue redactado por el escribano p\u00fablico Jacinto de Fuentes, <em>\u00abpor ausencia del que lo es del Ayuntamiento\u00bb. <\/em>Las \u00fanicas dudas de transcripci\u00f3n se refieren a la interpretaci\u00f3n de algunas de las numerosas abreviaturas utilizadas para agilizar la escritura, como las que se muestran a continuaci\u00f3n.<br \/>\n<strong><em><img loading=\"lazy\" decoding=\"async\" class=\"wp-image-2258 size-large aligncenter\" src=\"http:\/\/ww2.museosantacruz.org\/wp-content\/uploads\/2017\/05\/1808_abreviaturas-1024x201.png\" alt=\"\" width=\"800\" height=\"157\" \/><\/em><\/strong><\/p>\n<h3><strong>Texto y datos<\/strong><\/h3>\n<p><a href=\"https:\/\/ww2.museosantacruz.org\/wp-content\/uploads\/2017\/05\/Texto-del-Padr\u00f3n-de-1808.pdf\"><strong>Texto del Padr\u00f3n de 1808<\/strong><\/a>\u00a0est\u00e1 organizado por <em>clases<\/em> -de primera a quinta-, de acuerdo con las disposiciones de la Real Declaraci\u00f3n de Milicias de 1767; en folios separados aparecen los listados de los retirados y licenciados del servicio militar y el de voluntarios. <strong>En total, recoge datos de 625 vecinos<\/strong>.<\/p>\n<p>Al objeto de facilitar la consulta se ha elaborado una tabla en Excel del <a href=\"https:\/\/ww2.museosantacruz.org\/wp-content\/uploads\/2017\/05\/Padron_1808.xlsx\">Padr\u00f3n de 1808<\/a>, prescindiendo de los textos de introducci\u00f3n. La tabla puede descargarse y permite buscar, filtrar y ordenar los datos por diferentes criterios.<\/p>\n<h3><strong>An\u00e1lisis<\/strong><\/h3>\n<p>A continuaci\u00f3n se presentan algunos gr\u00e1ficos y comentarios sobre\u00a0el padr\u00f3n.<\/p>\n<p><strong>Distribuci\u00f3n por clases<\/strong><\/p>\n<p><span style=\"text-decoration: underline;\">Nota 1:<\/span>\u00a0En el Padr\u00f3n se enumeran\u00a0<strong>5 voluntarios <\/strong>\u00abpor el tiempo que dure la presente Guerra\u00bb, que son los siguientes:<\/p>\n<ul>\n<li>Hip\u00f3lito Haro y Lode\u00f1a (16 a\u00f1os), hijo de\u00a0Don \u00c1ngel Ram\u00f3n de Haro y Lode\u00f1a, del estado noble<\/li>\n<li>Alfonso\u00a0S\u00e1nchez Tineo (21 a\u00f1os), hijo de Manuel S\u00e1nchez Tineo, <em>labrador honrado<\/em><\/li>\n<li>Fray Josef de la Concepci\u00f3n (35 a\u00f1os), Fray Juan de Jes\u00fas (40 a\u00f1os) y\u00a0Fray Juan de San Josef (24 a\u00f1os), todos ellos trinitarios descalzos legos profesos del Convento de la Villa<\/li>\n<\/ul>\n<p><span style=\"text-decoration: underline;\">Nota 2:<\/span> De los 52\u00a0<em>retirados<\/em> (quintos y milicianos con \u00abbuena licencia\u00bb), hay 1 alf\u00e9rez y 2 sargentos.<\/p>\n<p><img loading=\"lazy\" decoding=\"async\" class=\"wp-image-2266 aligncenter\" src=\"http:\/\/ww2.museosantacruz.org\/wp-content\/uploads\/2017\/05\/1808_clases.png\" alt=\"\" width=\"666\" height=\"427\" \/><\/p>\n<p><strong>Distribuci\u00f3n por\u00a0edad<\/strong><\/p>\n<p><span style=\"text-decoration: underline;\">Nota 1:<\/span> Aunque la proclama de la Junta especificaba que el censo deb\u00eda incluir a los <strong>varones de 16 a 40 a\u00f1os cumplidos<\/strong>, en el padr\u00f3n no aparece\u00a0<strong>ninguno de 40 a\u00f1os<\/strong>, tal como sucede en los dem\u00e1s padrones de la provincia (p. e.: Mora y Orgaz, ya mencionados). En el gr\u00e1fico se han excluido los retirados y licenciados del servicio.<\/p>\n<p><span style=\"text-decoration: underline;\">Nota 2:<\/span>\u00a0Llama la atenci\u00f3n el elevado n\u00famero de vecinos de\u00a0<strong>20 y de 30 a\u00f1os<\/strong>. Es muy posible que se trate de un redondeo<em> (\u00ab\u00bfEdad?\u00bb \u00abPues&#8230;, unos 30 a\u00f1os&#8230;\u00bb)<\/em>, ya que en esa \u00e9poca no era raro\u00a0que no se conociera exactamente la fecha de nacimiento.<\/p>\n<p><img loading=\"lazy\" decoding=\"async\" class=\"wp-image-2264 aligncenter\" src=\"http:\/\/ww2.museosantacruz.org\/wp-content\/uploads\/2017\/05\/1808_edades.png\" alt=\"\" width=\"776\" height=\"613\" \/><\/p>\n<p><strong>Distribuci\u00f3n por\u00a0ocupaci\u00f3n y oficio<\/strong><\/p>\n<p><img loading=\"lazy\" decoding=\"async\" class=\"size-full wp-image-2265 aligncenter\" src=\"http:\/\/ww2.museosantacruz.org\/wp-content\/uploads\/2017\/05\/1808_ocupacion.png\" alt=\"\" width=\"805\" height=\"490\" srcset=\"https:\/\/ww2.museosantacruz.org\/wp-content\/uploads\/2017\/05\/1808_ocupacion.png 805w, https:\/\/ww2.museosantacruz.org\/wp-content\/uploads\/2017\/05\/1808_ocupacion-300x183.png 300w, https:\/\/ww2.museosantacruz.org\/wp-content\/uploads\/2017\/05\/1808_ocupacion-768x467.png 768w\" sizes=\"auto, (max-width: 805px) 100vw, 805px\" \/><\/p>\n<p><span style=\"text-decoration: underline;\">Nota 1:<\/span>\u00a0\u00a0En el gr\u00e1fico siguiente se desglosan los <strong>\u00abOficios varios\u00bb<\/strong> agrupados en el anterior.\u00a0Resulta llamativo\u00a0el n\u00famero de <strong>cardadores<\/strong>.<strong>\u00a0<\/strong>Es de suponer que muchos de ellos vivir\u00edan en la<strong> Calle de los Cardadores <\/strong>(actual c\/ Jer\u00f3nimo Carre\u00f1o) tal como se denominaba entonces. Y son\u00a0tambi\u00e9n curiosos algunos de los oficios declarados: tamborilero, trajinero (recadero), alb\u00e9itar (veterinario), amanuenses, sacristanes (4)&#8230;<\/p>\n<p><img loading=\"lazy\" decoding=\"async\" class=\" wp-image-2267 aligncenter\" src=\"http:\/\/ww2.museosantacruz.org\/wp-content\/uploads\/2017\/05\/1808_oficios.png\" alt=\"\" width=\"814\" height=\"551\" \/><\/p>\n<p><strong>Estado civil<\/strong><\/p>\n<p><img loading=\"lazy\" decoding=\"async\" class=\" wp-image-2263 aligncenter\" src=\"http:\/\/ww2.museosantacruz.org\/wp-content\/uploads\/2017\/05\/1808_estado.png\" alt=\"\" width=\"605\" height=\"387\" \/><\/p>\n<p>&nbsp;<\/p>\n<p><strong>Nupcialidad y natalidad (por edades)<\/strong><\/p>\n<p><img loading=\"lazy\" decoding=\"async\" class=\" wp-image-2272 aligncenter\" src=\"http:\/\/ww2.museosantacruz.org\/wp-content\/uploads\/2017\/05\/1808nupcialidad.png\" alt=\"\" width=\"675\" height=\"415\" \/><\/p>\n<p><img loading=\"lazy\" decoding=\"async\" class=\"size-full wp-image-2271 aligncenter\" src=\"http:\/\/ww2.museosantacruz.org\/wp-content\/uploads\/2017\/05\/1808_nupc_natal.png\" alt=\"\" width=\"762\" height=\"677\" srcset=\"https:\/\/ww2.museosantacruz.org\/wp-content\/uploads\/2017\/05\/1808_nupc_natal.png 762w, https:\/\/ww2.museosantacruz.org\/wp-content\/uploads\/2017\/05\/1808_nupc_natal-300x267.png 300w\" sizes=\"auto, (max-width: 762px) 100vw, 762px\" \/><\/p>\n<p><strong>Estatura<\/strong><\/p>\n<p><span style=\"text-decoration: underline;\">Nota 1:<\/span>\u00a0\u00a0Uno de los datos m\u00e1s interesantes del Padr\u00f3n de 1808 es que proporciona la <strong>talla de todos los empadronados<\/strong> (excepto los ya licenciados), y no s\u00f3lo de aquellos que daban la talla m\u00ednima exigida (4 pies y 10\u00a0pulgadas = algo\u00a0menos de 1,60 cm.), tal como se hac\u00eda en los alistamientos ordinarios. La talla se hac\u00eda en medidas de pies, pulgadas y l\u00edneas. Tal como indicamos en la\u00a0<strong><a href=\"http:\/\/ww2.museosantacruz.org\/?attachment_id=2248\">tabla excel<\/a>, <\/strong>para la conversi\u00f3n al sistema m\u00e9trico no se debe emplear\u00a0<span style=\"text-decoration: underline;\"><strong>el pie de Burgos<\/strong><\/span>, sino el <span style=\"text-decoration: underline;\"><strong>pie franc\u00e9s.<\/strong><\/span>\u00a0 La raz\u00f3n es sencilla: el ej\u00e9rcito espa\u00f1ol -borb\u00f3nico, al fin y al cabo-\u00a0aplicaba la misma medida que el ej\u00e9rcito franc\u00e9s, pese a que en la vida civil se utilizase el pie castellano.<\/p>\n<p><span style=\"text-decoration: underline;\">Nota 2:<\/span>\u00a0\u00a0La estatura media del padr\u00f3n de Santa Cruz corresponde\u00a0exactamente a la talla m\u00ednima exigida. Seg\u00fan algunos estudios, la estatura media espa\u00f1ola de la \u00e9poca era levemente inferior (2 cm.) a la estatura media francesa. De\u00a0haberse aplicado estrictamente la talla m\u00ednima -no sabemos si fue as\u00ed-, 134 santacruceros habr\u00edan sido excluidos del reclutamiento, habiendo sido declarados aptos\u00a0para el servicio los otros\u00a0435.<\/p>\n<ul>\n<li><strong>Los m\u00e1s bajos del padr\u00f3n (1,30 cm.)<\/strong>\u00a0fueron dos \u00abmozos\u00bb de 17 y 39 a\u00f1os.<\/li>\n<li><strong>El m\u00e1s alto (5 pies, 8 pulgadas y 6 l\u00edneas = 1,85 cm.)<\/strong>\u00a0fue Don Pedro Mej\u00eda Raboso, de 23 a\u00f1os de edad, <em>casualmente<\/em>, alcalde ordinario por el estado noble y firmante del padr\u00f3n.<\/li>\n<\/ul>\n<p><img loading=\"lazy\" decoding=\"async\" class=\"size-large wp-image-2261 aligncenter\" src=\"http:\/\/ww2.museosantacruz.org\/wp-content\/uploads\/2017\/05\/1808_estatura_edad-1024x814.png\" alt=\"\" width=\"800\" height=\"636\" srcset=\"https:\/\/ww2.museosantacruz.org\/wp-content\/uploads\/2017\/05\/1808_estatura_edad-1024x814.png 1024w, https:\/\/ww2.museosantacruz.org\/wp-content\/uploads\/2017\/05\/1808_estatura_edad-300x238.png 300w, https:\/\/ww2.museosantacruz.org\/wp-content\/uploads\/2017\/05\/1808_estatura_edad-768x610.png 768w, https:\/\/ww2.museosantacruz.org\/wp-content\/uploads\/2017\/05\/1808_estatura_edad.png 1175w\" sizes=\"auto, (max-width: 800px) 100vw, 800px\" \/><\/p>\n<p><span style=\"text-decoration: underline;\">Nota 3:<\/span>\u00a0 Algunos estudios sobre otros padrones apuntan a peque\u00f1as\u00a0diferencias de la estatura media entre profesiones u ocupaciones, tal como parecen confirmar los datos del de Santa Cruz.<\/p>\n<p><img loading=\"lazy\" decoding=\"async\" class=\" wp-image-2260 aligncenter\" src=\"http:\/\/ww2.museosantacruz.org\/wp-content\/uploads\/2017\/05\/1808_estatura_ocupacion.png\" alt=\"\" width=\"646\" height=\"405\" \/><\/p>\n<p><strong>Apellidos y nombres m\u00e1s comunes<\/strong><\/p>\n<p><span style=\"text-decoration: underline;\">Nota 1:<\/span>\u00a0\u00a0En el gr\u00e1fico siguiente se muestran los apellidos y nombres m\u00e1s comunes en todo el padr\u00f3n. En el caso de los apellidos, no es posible distinguir cuando se tratan de apellidos compuestos (p.j., Garc\u00eda Cuenca), por lo que se ha optado por considerarlos\u00a0siempre como independientes. El\u00a0mismo criterio se ha aplicado en los nombres (p.j.: Juan Manuel).<\/p>\n<p><img loading=\"lazy\" decoding=\"async\" class=\"size-large wp-image-2262 aligncenter\" src=\"http:\/\/ww2.museosantacruz.org\/wp-content\/uploads\/2017\/05\/1808_apellidos-774x1024.png\" alt=\"\" width=\"774\" height=\"1024\" srcset=\"https:\/\/ww2.museosantacruz.org\/wp-content\/uploads\/2017\/05\/1808_apellidos-774x1024.png 774w, https:\/\/ww2.museosantacruz.org\/wp-content\/uploads\/2017\/05\/1808_apellidos-227x300.png 227w, https:\/\/ww2.museosantacruz.org\/wp-content\/uploads\/2017\/05\/1808_apellidos-768x1016.png 768w, https:\/\/ww2.museosantacruz.org\/wp-content\/uploads\/2017\/05\/1808_apellidos.png 1250w\" sizes=\"auto, (max-width: 774px) 100vw, 774px\" \/><\/p>\n<p><img loading=\"lazy\" decoding=\"async\" class=\"size-full wp-image-2268 aligncenter\" src=\"http:\/\/ww2.museosantacruz.org\/wp-content\/uploads\/2017\/05\/1808_nombres.png\" alt=\"\" width=\"698\" height=\"841\" srcset=\"https:\/\/ww2.museosantacruz.org\/wp-content\/uploads\/2017\/05\/1808_nombres.png 698w, https:\/\/ww2.museosantacruz.org\/wp-content\/uploads\/2017\/05\/1808_nombres-249x300.png 249w\" sizes=\"auto, (max-width: 698px) 100vw, 698px\" \/><\/p>\n<p><a href=\"#_ftnref2\" name=\"_ftn2\">[2]<\/a> <em>No confundir con los presidentes del Concejo Municipal. Los alcaldes -o justicias-, eran los responsables de la administraci\u00f3n de justicia para cada uno de los estados.<\/em><\/p>\n<h2>\u00a0<strong>Ampliar informaci\u00f3n&#8230;<\/strong><\/h2>\n<h4><a href=\"http:\/\/ww2.museosantacruz.org\/?page_id=2367\"><strong>El Censo Electoral de 1899 <\/strong><\/a><\/h4>\n<p>Algunos documentos de nuestro\u00a0<strong><a href=\"http:\/\/ww2.museosantacruz.org\/?page_id=51\">Archivo Digital<\/a>:<\/strong><\/p>\n<ul>\n<li>\n<h4><a href=\"http:\/\/www.museosantacruz.org\/Archivo\/Prg_SCruz_1993_01_14.pdf\" target=\"_blank\" rel=\"noopener noreferrer\"><strong>Santa Cruz de la Zarza y la Guerra de la Independencia<\/strong><\/a>, por Manuel Mar\u00eda\u00a0V\u00edas Guiti\u00e1n<\/h4>\n<\/li>\n<li>\n<h4><strong><a href=\"http:\/\/www.museosantacruz.org\/Archivo\/Prg_SCruz_2008_01_03.pdf\" target=\"_blank\" rel=\"noopener noreferrer\">La Iglesia de Santiago en la Guerra de la Independencia<\/a><\/strong>, por Jos\u00e9 Antonio Garc\u00eda Albares<\/h4>\n<\/li>\n<li>\n<h4><a href=\"http:\/\/www.museosantacruz.org\/Archivo\/Prg_SCruz_2008_01_04.pdf\" target=\"_blank\" rel=\"noopener noreferrer\"><strong>Dos familias de Santa Cruz en la Gesta del Dos de Mayo<\/strong><\/a>, por Consuelo Montalv\u00e1 Pellicer y Juan J. de Torres Navaroo<\/h4>\n<\/li>\n<li>\n<h4><a href=\"http:\/\/www.museosantacruz.org\/Archivo\/Prg_SCruz_1991_01_18.pdf\" target=\"_blank\" rel=\"noopener noreferrer\"><strong>Documento hist\u00f3rico expresivo del paso de las tropas napole\u00f3nicas (1812)<\/strong><\/a>, del Archivo Municipal<\/h4>\n<\/li>\n<\/ul>\n","protected":false},"excerpt":{"rendered":"<p>Presentaci\u00f3n Tras los acontecimientos del 2 de mayo de 1808 en Madrid y la posterior llamada a la resistencia armada por parte del general Juan P\u00e9rez Villaamil, jefe de la Junta de Sustituci\u00f3n, y rubricada por los alcaldes de M\u00f3stoles, comienza la llamada Guerra de Independencia (1808-1814). El 8 de&#8230; <a class=\"continue-reading-link\" href=\"https:\/\/ww2.museosantacruz.org\/?page_id=2249\">Continue reading<\/a><\/p>\n","protected":false},"author":1,"featured_media":0,"parent":46,"menu_order":0,"comment_status":"open","ping_status":"closed","template":"","meta":{"footnotes":""},"class_list":["post-2249","page","type-page","status-publish","hentry"],"_links":{"self":[{"href":"https:\/\/ww2.museosantacruz.org\/index.php?rest_route=\/wp\/v2\/pages\/2249","targetHints":{"allow":["GET"]}}],"collection":[{"href":"https:\/\/ww2.museosantacruz.org\/index.php?rest_route=\/wp\/v2\/pages"}],"about":[{"href":"https:\/\/ww2.museosantacruz.org\/index.php?rest_route=\/wp\/v2\/types\/page"}],"author":[{"embeddable":true,"href":"https:\/\/ww2.museosantacruz.org\/index.php?rest_route=\/wp\/v2\/users\/1"}],"replies":[{"embeddable":true,"href":"https:\/\/ww2.museosantacruz.org\/index.php?rest_route=%2Fwp%2Fv2%2Fcomments&post=2249"}],"version-history":[{"count":28,"href":"https:\/\/ww2.museosantacruz.org\/index.php?rest_route=\/wp\/v2\/pages\/2249\/revisions"}],"predecessor-version":[{"id":3745,"href":"https:\/\/ww2.museosantacruz.org\/index.php?rest_route=\/wp\/v2\/pages\/2249\/revisions\/3745"}],"up":[{"embeddable":true,"href":"https:\/\/ww2.museosantacruz.org\/index.php?rest_route=\/wp\/v2\/pages\/46"}],"wp:attachment":[{"href":"https:\/\/ww2.museosantacruz.org\/index.php?rest_route=%2Fwp%2Fv2%2Fmedia&parent=2249"}],"curies":[{"name":"wp","href":"https:\/\/api.w.org\/{rel}","templated":true}]}}