{"id":26,"date":"2015-03-05T21:25:44","date_gmt":"2015-03-05T21:25:44","guid":{"rendered":"http:\/\/ww2.museosantacruz.org\/?page_id=26"},"modified":"2024-09-15T09:48:36","modified_gmt":"2024-09-15T10:48:36","slug":"del-surco-a-la-era","status":"publish","type":"page","link":"https:\/\/ww2.museosantacruz.org\/?page_id=26","title":{"rendered":"Del surco a la era"},"content":{"rendered":"<p><nav aria-label=\"breadcrumbs\">\n            <div class=\"breadcrumb-container theme4\">\n                <ol>\n                                    <\/ol>\n            <\/div>\n        <\/nav>    <script type=\"application\/ld+json\">\n        {\n            \"@context\": \"http:\/\/schema.org\",\n            \"@type\": \"BreadcrumbList\",\n            \"itemListElement\": [\n                            ]\n        }\n    <\/script>\n    <style type=\"text\/css\">\n        .breadcrumb-container {\n            font-size: 13px;\n        }\n\n        .breadcrumb-container ul {\n            margin: 0;\n            padding: 0;\n        }\n\n        .breadcrumb-container li {\n            box-sizing: unset;\n            display: inline-block;\n            margin: 0;\n            padding: 0;\n        }\n\n        .breadcrumb-container li a {\n            box-sizing: unset;\n            padding: 0 10px;\n        }\n\n        .breadcrumb-container {\n            font-size: 12px !important;\n                    }\n\n        .breadcrumb-container li a {\n            color: #301400 !important;\n            font-size: 12px !important;\n            line-height: 12px !important;\n                    }\n\n        .breadcrumb-container li .separator {\n            color: #000000 !important;\n            font-size: 12px !important;\n                    }\n\n        .breadcrumb-container li:last-child .separator {\n            display: none;\n        }\n    <\/style>\n    <style type=\"text\/css\">\n\n        .breadcrumb-container.theme4 li {\n            display: inline-block;\n            margin: 0 14px;\n            padding: 0;\n        }\n\n        .breadcrumb-container.theme4 a {\n            background: #ddb57a;\n            color: rgb(102, 102, 102);\n            display: inline-block;\n            font-size: 14px;\n            height: 16px;\n            margin: 0;\n            padding: 5px 10px;\n            text-decoration: none;\n            position:relative;\n        }\n\n\n        .breadcrumb-container.theme4 a::after {\n            -moz-border-bottom-colors: none;\n            -moz-border-left-colors: none;\n            -moz-border-right-colors: none;\n            -moz-border-top-colors: none;\n            border-color: rgba(0, 0, 0, 0) rgba(0, 0, 0, 0) rgba(0, 0, 0, 0) #ddb57a;\n            border-image: none;\n            border-style: solid;\n            border-width: 13px;\n            content: \" \";\n            display: inline-block;\n            height: 0;\n            line-height: 0;\n            position: absolute;\n            right: -26px;\n            top: 0;\n            width: 0;\n        }\n\n        .breadcrumb-container.theme4 .separator {\n            display: none;\n        }\n    <\/style>\n        <style type=\"text\/css\">\n        .breadcrumb-container{}\r\n.breadcrumb-container ul{}\r\n.breadcrumb-container li{}\r\n.breadcrumb-container a{}\r\n.breadcrumb-container .separator{}\r\n    <\/style>\n    <script>\n            <\/script>\n<br \/>\n<a href=\"http:\/\/ww2.museosantacruz.org\/wp-content\/uploads\/2015\/03\/aperos11.jpg\"><img loading=\"lazy\" decoding=\"async\" class=\" wp-image-136 alignleft\" src=\"http:\/\/ww2.museosantacruz.org\/wp-content\/uploads\/2015\/03\/aperos11-300x225.jpg\" alt=\"aperos11\" width=\"240\" height=\"190\" \/><\/a>En la planta segunda (\u201clas c\u00e1maras\u201d), se exhibe una muestra de los aperos agr\u00edcolas que utilizaron nuestros abuelos para labrar el campo, para enganchar las mulas a los carros y galeras y para trillar el grano en la era.<\/p>\n<p>La exposici\u00f3n comienza con un cat\u00e1logo de <strong>arados<\/strong>, desde el plantador, el primer instrumento que utiliz\u00f3 el hombre para sembrar, hasta la vertedera.<br \/>\n<a href=\"http:\/\/ww2.museosantacruz.org\/wp-content\/uploads\/2015\/03\/aperos09.jpg\"><img loading=\"lazy\" decoding=\"async\" class=\" wp-image-134 alignright\" src=\"http:\/\/ww2.museosantacruz.org\/wp-content\/uploads\/2015\/03\/aperos09-300x225.jpg\" alt=\"aperos09\" width=\"206\" height=\"153\" \/><\/a><br \/>\nLos arados de madera evolucionaron hasta llegar al arado com\u00fan, romano o timonero, que tiene ya todas las piezas b\u00e1sicas: el tim\u00f3n, la cama, el dental, la reja y la esteva, las orejeras&#8230;<\/p>\n<p>En la muestra se pueden ver varios arados timoneros, con un tim\u00f3n para uncir dos mulas, y tambi\u00e9n de varas, para una sola mula o para una yunta.<\/p>\n<p><a href=\"http:\/\/ww2.museosantacruz.org\/wp-content\/uploads\/2015\/03\/Carro.jpg\"><img loading=\"lazy\" decoding=\"async\" class=\" wp-image-156 alignleft\" src=\"http:\/\/ww2.museosantacruz.org\/wp-content\/uploads\/2015\/03\/Carro-300x147.jpg\" alt=\"Carro\" width=\"229\" height=\"119\" \/><\/a>Por razones de espacio no es posible exponer los carros y galeras recuperados por ACAME, pero s\u00ed se muestran esquemas de su estructura y funcionamiento, junto con sus arreos de enganche.<\/p>\n<p>&nbsp;<\/p>\n<p>Tambi\u00e9n se pueden ver hoces y zoquetas, bielgas, trillas de pedernal y trillones de acero, allegadores, raedores, horcas, horquillos y palas para remover la parva y aventar, cribas y arneros de diferentes grosores y tambi\u00e9n medidas para el grano: medias, cuartillas y celemines.<\/p>\n<hr \/>\n\n\t\t<style type=\"text\/css\">\n\t\t\t#gallery-1 {\n\t\t\t\tmargin: auto;\n\t\t\t}\n\t\t\t#gallery-1 .gallery-item {\n\t\t\t\tfloat: left;\n\t\t\t\tmargin-top: 10px;\n\t\t\t\ttext-align: center;\n\t\t\t\twidth: 50%;\n\t\t\t}\n\t\t\t#gallery-1 img {\n\t\t\t\tborder: 2px solid #cfcfcf;\n\t\t\t}\n\t\t\t#gallery-1 .gallery-caption {\n\t\t\t\tmargin-left: 0;\n\t\t\t}\n\t\t\t\/* see gallery_shortcode() in wp-includes\/media.php *\/\n\t\t<\/style>\n\t\t<div id='gallery-1' class='gallery galleryid-26 gallery-columns-2 gallery-size-medium'><dl class='gallery-item'>\n\t\t\t<dt class='gallery-icon landscape'>\n\t\t\t\t<a href='https:\/\/ww2.museosantacruz.org\/?attachment_id=262'><img loading=\"lazy\" decoding=\"async\" width=\"300\" height=\"229\" src=\"https:\/\/ww2.museosantacruz.org\/wp-content\/uploads\/2015\/03\/Mula2-300x229.jpg\" class=\"attachment-medium size-medium\" alt=\"\" aria-describedby=\"gallery-1-262\" srcset=\"https:\/\/ww2.museosantacruz.org\/wp-content\/uploads\/2015\/03\/Mula2-300x229.jpg 300w, https:\/\/ww2.museosantacruz.org\/wp-content\/uploads\/2015\/03\/Mula2.jpg 315w\" sizes=\"auto, (max-width: 300px) 100vw, 300px\" \/><\/a>\n\t\t\t<\/dt>\n\t\t\t\t<dd class='wp-caption-text gallery-caption' id='gallery-1-262'>\n\t\t\t\tTiro\n\t\t\t\t<\/dd><\/dl><dl class='gallery-item'>\n\t\t\t<dt class='gallery-icon portrait'>\n\t\t\t\t<a href='https:\/\/ww2.museosantacruz.org\/?attachment_id=127'><img loading=\"lazy\" decoding=\"async\" width=\"225\" height=\"300\" src=\"https:\/\/ww2.museosantacruz.org\/wp-content\/uploads\/2015\/03\/aperos01-225x300.jpg\" class=\"attachment-medium size-medium\" alt=\"\" aria-describedby=\"gallery-1-127\" srcset=\"https:\/\/ww2.museosantacruz.org\/wp-content\/uploads\/2015\/03\/aperos01-225x300.jpg 225w, https:\/\/ww2.museosantacruz.org\/wp-content\/uploads\/2015\/03\/aperos01.jpg 240w\" sizes=\"auto, (max-width: 225px) 100vw, 225px\" \/><\/a>\n\t\t\t<\/dt>\n\t\t\t\t<dd class='wp-caption-text gallery-caption' id='gallery-1-127'>\n\t\t\t\tTrillas\n\t\t\t\t<\/dd><\/dl><br style=\"clear: both\" \/><dl class='gallery-item'>\n\t\t\t<dt class='gallery-icon landscape'>\n\t\t\t\t<a href='https:\/\/ww2.museosantacruz.org\/?attachment_id=152'><img loading=\"lazy\" decoding=\"async\" width=\"300\" height=\"205\" src=\"https:\/\/ww2.museosantacruz.org\/wp-content\/uploads\/2015\/03\/camaras-300x205.jpg\" class=\"attachment-medium size-medium\" alt=\"\" aria-describedby=\"gallery-1-152\" srcset=\"https:\/\/ww2.museosantacruz.org\/wp-content\/uploads\/2015\/03\/camaras-300x205.jpg 300w, https:\/\/ww2.museosantacruz.org\/wp-content\/uploads\/2015\/03\/camaras.jpg 640w\" sizes=\"auto, (max-width: 300px) 100vw, 300px\" \/><\/a>\n\t\t\t<\/dt>\n\t\t\t\t<dd class='wp-caption-text gallery-caption' id='gallery-1-152'>\n\t\t\t\tLas c\u00e1maras\n\t\t\t\t<\/dd><\/dl><dl class='gallery-item'>\n\t\t\t<dt class='gallery-icon landscape'>\n\t\t\t\t<a href='https:\/\/ww2.museosantacruz.org\/?attachment_id=133'><img loading=\"lazy\" decoding=\"async\" width=\"300\" height=\"225\" src=\"https:\/\/ww2.museosantacruz.org\/wp-content\/uploads\/2015\/03\/aperos08-300x225.jpg\" class=\"attachment-medium size-medium\" alt=\"\" aria-describedby=\"gallery-1-133\" srcset=\"https:\/\/ww2.museosantacruz.org\/wp-content\/uploads\/2015\/03\/aperos08-300x225.jpg 300w, https:\/\/ww2.museosantacruz.org\/wp-content\/uploads\/2015\/03\/aperos08.jpg 320w\" sizes=\"auto, (max-width: 300px) 100vw, 300px\" \/><\/a>\n\t\t\t<\/dt>\n\t\t\t\t<dd class='wp-caption-text gallery-caption' id='gallery-1-133'>\n\t\t\t\tTrilla\n\t\t\t\t<\/dd><\/dl><br style=\"clear: both\" \/><dl class='gallery-item'>\n\t\t\t<dt class='gallery-icon landscape'>\n\t\t\t\t<a href='https:\/\/ww2.museosantacruz.org\/?attachment_id=131'><img loading=\"lazy\" decoding=\"async\" width=\"300\" height=\"225\" src=\"https:\/\/ww2.museosantacruz.org\/wp-content\/uploads\/2015\/03\/aperos06-300x225.jpg\" class=\"attachment-medium size-medium\" alt=\"\" srcset=\"https:\/\/ww2.museosantacruz.org\/wp-content\/uploads\/2015\/03\/aperos06-300x225.jpg 300w, https:\/\/ww2.museosantacruz.org\/wp-content\/uploads\/2015\/03\/aperos06.jpg 320w\" sizes=\"auto, (max-width: 300px) 100vw, 300px\" \/><\/a>\n\t\t\t<\/dt><\/dl><dl class='gallery-item'>\n\t\t\t<dt class='gallery-icon landscape'>\n\t\t\t\t<a href='https:\/\/ww2.museosantacruz.org\/?attachment_id=132'><img loading=\"lazy\" decoding=\"async\" width=\"300\" height=\"225\" src=\"https:\/\/ww2.museosantacruz.org\/wp-content\/uploads\/2015\/03\/aperos07-300x225.jpg\" class=\"attachment-medium size-medium\" alt=\"\" aria-describedby=\"gallery-1-132\" srcset=\"https:\/\/ww2.museosantacruz.org\/wp-content\/uploads\/2015\/03\/aperos07-300x225.jpg 300w, https:\/\/ww2.museosantacruz.org\/wp-content\/uploads\/2015\/03\/aperos07.jpg 320w\" sizes=\"auto, (max-width: 300px) 100vw, 300px\" \/><\/a>\n\t\t\t<\/dt>\n\t\t\t\t<dd class='wp-caption-text gallery-caption' id='gallery-1-132'>\n\t\t\t\tCedazos\n\t\t\t\t<\/dd><\/dl><br style=\"clear: both\" \/><dl class='gallery-item'>\n\t\t\t<dt class='gallery-icon portrait'>\n\t\t\t\t<a href='https:\/\/ww2.museosantacruz.org\/?attachment_id=129'><img loading=\"lazy\" decoding=\"async\" width=\"225\" height=\"300\" src=\"https:\/\/ww2.museosantacruz.org\/wp-content\/uploads\/2015\/03\/aperos04-225x300.jpg\" class=\"attachment-medium size-medium\" alt=\"\" aria-describedby=\"gallery-1-129\" srcset=\"https:\/\/ww2.museosantacruz.org\/wp-content\/uploads\/2015\/03\/aperos04-225x300.jpg 225w, https:\/\/ww2.museosantacruz.org\/wp-content\/uploads\/2015\/03\/aperos04.jpg 240w\" sizes=\"auto, (max-width: 225px) 100vw, 225px\" \/><\/a>\n\t\t\t<\/dt>\n\t\t\t\t<dd class='wp-caption-text gallery-caption' id='gallery-1-129'>\n\t\t\t\tArados\n\t\t\t\t<\/dd><\/dl><dl class='gallery-item'>\n\t\t\t<dt class='gallery-icon landscape'>\n\t\t\t\t<a href='https:\/\/ww2.museosantacruz.org\/?attachment_id=180'><img loading=\"lazy\" decoding=\"async\" width=\"300\" height=\"225\" src=\"https:\/\/ww2.museosantacruz.org\/wp-content\/uploads\/2015\/03\/DSC00154-300x225.jpg\" class=\"attachment-medium size-medium\" alt=\"\" aria-describedby=\"gallery-1-180\" srcset=\"https:\/\/ww2.museosantacruz.org\/wp-content\/uploads\/2015\/03\/DSC00154-300x225.jpg 300w, https:\/\/ww2.museosantacruz.org\/wp-content\/uploads\/2015\/03\/DSC00154-1024x768.jpg 1024w, https:\/\/ww2.museosantacruz.org\/wp-content\/uploads\/2015\/03\/DSC00154-e1425828151456.jpg 427w\" sizes=\"auto, (max-width: 300px) 100vw, 300px\" \/><\/a>\n\t\t\t<\/dt>\n\t\t\t\t<dd class='wp-caption-text gallery-caption' id='gallery-1-180'>\n\t\t\t\tAperos\n\t\t\t\t<\/dd><\/dl><br style=\"clear: both\" \/><dl class='gallery-item'>\n\t\t\t<dt class='gallery-icon portrait'>\n\t\t\t\t<a href='https:\/\/ww2.museosantacruz.org\/?attachment_id=265'><img loading=\"lazy\" decoding=\"async\" width=\"169\" height=\"300\" src=\"https:\/\/ww2.museosantacruz.org\/wp-content\/uploads\/2015\/03\/museo03-169x300.jpg\" class=\"attachment-medium size-medium\" alt=\"\" aria-describedby=\"gallery-1-265\" srcset=\"https:\/\/ww2.museosantacruz.org\/wp-content\/uploads\/2015\/03\/museo03-169x300.jpg 169w, https:\/\/ww2.museosantacruz.org\/wp-content\/uploads\/2015\/03\/museo03.jpg 271w\" sizes=\"auto, (max-width: 169px) 100vw, 169px\" \/><\/a>\n\t\t\t<\/dt>\n\t\t\t\t<dd class='wp-caption-text gallery-caption' id='gallery-1-265'>\n\t\t\t\tSubida a plana 1\n\t\t\t\t<\/dd><\/dl><dl class='gallery-item'>\n\t\t\t<dt class='gallery-icon portrait'>\n\t\t\t\t<a href='https:\/\/ww2.museosantacruz.org\/?attachment_id=263'><img loading=\"lazy\" decoding=\"async\" width=\"180\" height=\"240\" src=\"https:\/\/ww2.museosantacruz.org\/wp-content\/uploads\/2015\/03\/museo01.jpg\" class=\"attachment-medium size-medium\" alt=\"\" aria-describedby=\"gallery-1-263\" \/><\/a>\n\t\t\t<\/dt>\n\t\t\t\t<dd class='wp-caption-text gallery-caption' id='gallery-1-263'>\n\t\t\t\tEl Museo\n\t\t\t\t<\/dd><\/dl><br style=\"clear: both\" \/><dl class='gallery-item'>\n\t\t\t<dt class='gallery-icon landscape'>\n\t\t\t\t<a href='https:\/\/ww2.museosantacruz.org\/?attachment_id=130'><img loading=\"lazy\" decoding=\"async\" width=\"300\" height=\"225\" src=\"https:\/\/ww2.museosantacruz.org\/wp-content\/uploads\/2015\/03\/aperos05-300x225.jpg\" class=\"attachment-medium size-medium\" alt=\"\" srcset=\"https:\/\/ww2.museosantacruz.org\/wp-content\/uploads\/2015\/03\/aperos05-300x225.jpg 300w, https:\/\/ww2.museosantacruz.org\/wp-content\/uploads\/2015\/03\/aperos05.jpg 320w\" sizes=\"auto, (max-width: 300px) 100vw, 300px\" \/><\/a>\n\t\t\t<\/dt><\/dl><dl class='gallery-item'>\n\t\t\t<dt class='gallery-icon landscape'>\n\t\t\t\t<a href='https:\/\/ww2.museosantacruz.org\/?attachment_id=136'><img loading=\"lazy\" decoding=\"async\" width=\"300\" height=\"225\" src=\"https:\/\/ww2.museosantacruz.org\/wp-content\/uploads\/2015\/03\/aperos11-300x225.jpg\" class=\"attachment-medium size-medium\" alt=\"\" aria-describedby=\"gallery-1-136\" srcset=\"https:\/\/ww2.museosantacruz.org\/wp-content\/uploads\/2015\/03\/aperos11-300x225.jpg 300w, https:\/\/ww2.museosantacruz.org\/wp-content\/uploads\/2015\/03\/aperos11.jpg 320w\" sizes=\"auto, (max-width: 300px) 100vw, 300px\" \/><\/a>\n\t\t\t<\/dt>\n\t\t\t\t<dd class='wp-caption-text gallery-caption' id='gallery-1-136'>\n\t\t\t\tArados\n\t\t\t\t<\/dd><\/dl><br style=\"clear: both\" \/><dl class='gallery-item'>\n\t\t\t<dt class='gallery-icon landscape'>\n\t\t\t\t<a href='https:\/\/ww2.museosantacruz.org\/?attachment_id=156'><img loading=\"lazy\" decoding=\"async\" width=\"300\" height=\"147\" src=\"https:\/\/ww2.museosantacruz.org\/wp-content\/uploads\/2015\/03\/Carro-300x147.jpg\" class=\"attachment-medium size-medium\" alt=\"\" aria-describedby=\"gallery-1-156\" srcset=\"https:\/\/ww2.museosantacruz.org\/wp-content\/uploads\/2015\/03\/Carro-300x147.jpg 300w, https:\/\/ww2.museosantacruz.org\/wp-content\/uploads\/2015\/03\/Carro.jpg 594w\" sizes=\"auto, (max-width: 300px) 100vw, 300px\" \/><\/a>\n\t\t\t<\/dt>\n\t\t\t\t<dd class='wp-caption-text gallery-caption' id='gallery-1-156'>\n\t\t\t\tCarro\n\t\t\t\t<\/dd><\/dl><dl class='gallery-item'>\n\t\t\t<dt class='gallery-icon landscape'>\n\t\t\t\t<a href='https:\/\/ww2.museosantacruz.org\/?attachment_id=211'><img loading=\"lazy\" decoding=\"async\" width=\"300\" height=\"295\" src=\"https:\/\/ww2.museosantacruz.org\/wp-content\/uploads\/2015\/03\/Galera-300x295.jpg\" class=\"attachment-medium size-medium\" alt=\"\" aria-describedby=\"gallery-1-211\" srcset=\"https:\/\/ww2.museosantacruz.org\/wp-content\/uploads\/2015\/03\/Galera-300x295.jpg 300w, https:\/\/ww2.museosantacruz.org\/wp-content\/uploads\/2015\/03\/Galera.jpg 448w\" sizes=\"auto, (max-width: 300px) 100vw, 300px\" \/><\/a>\n\t\t\t<\/dt>\n\t\t\t\t<dd class='wp-caption-text gallery-caption' id='gallery-1-211'>\n\t\t\t\tGalera\n\t\t\t\t<\/dd><\/dl><br style=\"clear: both\" \/><dl class='gallery-item'>\n\t\t\t<dt class='gallery-icon landscape'>\n\t\t\t\t<a href='https:\/\/ww2.museosantacruz.org\/?attachment_id=135'><img loading=\"lazy\" decoding=\"async\" width=\"300\" height=\"225\" src=\"https:\/\/ww2.museosantacruz.org\/wp-content\/uploads\/2015\/03\/aperos10-300x225.jpg\" class=\"attachment-medium size-medium\" alt=\"\" aria-describedby=\"gallery-1-135\" srcset=\"https:\/\/ww2.museosantacruz.org\/wp-content\/uploads\/2015\/03\/aperos10-300x225.jpg 300w, https:\/\/ww2.museosantacruz.org\/wp-content\/uploads\/2015\/03\/aperos10.jpg 320w\" sizes=\"auto, (max-width: 300px) 100vw, 300px\" \/><\/a>\n\t\t\t<\/dt>\n\t\t\t\t<dd class='wp-caption-text gallery-caption' id='gallery-1-135'>\n\t\t\t\tLas c\u00e1maras\n\t\t\t\t<\/dd><\/dl><dl class='gallery-item'>\n\t\t\t<dt class='gallery-icon landscape'>\n\t\t\t\t<a href='https:\/\/ww2.museosantacruz.org\/?attachment_id=261'><img loading=\"lazy\" decoding=\"async\" width=\"300\" height=\"209\" src=\"https:\/\/ww2.museosantacruz.org\/wp-content\/uploads\/2015\/03\/Mula1-300x209.jpg\" class=\"attachment-medium size-medium\" alt=\"\" aria-describedby=\"gallery-1-261\" srcset=\"https:\/\/ww2.museosantacruz.org\/wp-content\/uploads\/2015\/03\/Mula1-300x209.jpg 300w, https:\/\/ww2.museosantacruz.org\/wp-content\/uploads\/2015\/03\/Mula1.jpg 345w\" sizes=\"auto, (max-width: 300px) 100vw, 300px\" \/><\/a>\n\t\t\t<\/dt>\n\t\t\t\t<dd class='wp-caption-text gallery-caption' id='gallery-1-261'>\n\t\t\t\tTiro\n\t\t\t\t<\/dd><\/dl><br style=\"clear: both\" \/><dl class='gallery-item'>\n\t\t\t<dt class='gallery-icon landscape'>\n\t\t\t\t<a href='https:\/\/ww2.museosantacruz.org\/?attachment_id=134'><img loading=\"lazy\" decoding=\"async\" width=\"300\" height=\"225\" src=\"https:\/\/ww2.museosantacruz.org\/wp-content\/uploads\/2015\/03\/aperos09-300x225.jpg\" class=\"attachment-medium size-medium\" alt=\"\" aria-describedby=\"gallery-1-134\" srcset=\"https:\/\/ww2.museosantacruz.org\/wp-content\/uploads\/2015\/03\/aperos09-300x225.jpg 300w, https:\/\/ww2.museosantacruz.org\/wp-content\/uploads\/2015\/03\/aperos09.jpg 320w\" sizes=\"auto, (max-width: 300px) 100vw, 300px\" \/><\/a>\n\t\t\t<\/dt>\n\t\t\t\t<dd class='wp-caption-text gallery-caption' id='gallery-1-134'>\n\t\t\t\tArados y yugo\n\t\t\t\t<\/dd><\/dl><dl class='gallery-item'>\n\t\t\t<dt class='gallery-icon landscape'>\n\t\t\t\t<a href='https:\/\/ww2.museosantacruz.org\/?attachment_id=330'><img loading=\"lazy\" decoding=\"async\" width=\"300\" height=\"219\" src=\"https:\/\/ww2.museosantacruz.org\/wp-content\/uploads\/2015\/03\/Surco-y-era-300x219.jpg\" class=\"attachment-medium size-medium\" alt=\"\" aria-describedby=\"gallery-1-330\" srcset=\"https:\/\/ww2.museosantacruz.org\/wp-content\/uploads\/2015\/03\/Surco-y-era-300x219.jpg 300w, https:\/\/ww2.museosantacruz.org\/wp-content\/uploads\/2015\/03\/Surco-y-era.jpg 461w\" sizes=\"auto, (max-width: 300px) 100vw, 300px\" \/><\/a>\n\t\t\t<\/dt>\n\t\t\t\t<dd class='wp-caption-text gallery-caption' id='gallery-1-330'>\n\t\t\t\tAperos\n\t\t\t\t<\/dd><\/dl><br style=\"clear: both\" \/>\n\t\t<\/div>\n\n","protected":false},"excerpt":{"rendered":"<p>En la planta segunda (\u201clas c\u00e1maras\u201d), se exhibe una muestra de los aperos agr\u00edcolas que utilizaron nuestros abuelos para labrar el campo, para enganchar las mulas a los carros y galeras y para trillar el grano en la era. La exposici\u00f3n comienza con un cat\u00e1logo de arados, desde el plantador,&#8230; <a class=\"continue-reading-link\" href=\"https:\/\/ww2.museosantacruz.org\/?page_id=26\">Continue reading<\/a><\/p>\n","protected":false},"author":1,"featured_media":0,"parent":2,"menu_order":1,"comment_status":"open","ping_status":"closed","template":"","meta":{"footnotes":""},"class_list":["post-26","page","type-page","status-publish","hentry"],"_links":{"self":[{"href":"https:\/\/ww2.museosantacruz.org\/index.php?rest_route=\/wp\/v2\/pages\/26","targetHints":{"allow":["GET"]}}],"collection":[{"href":"https:\/\/ww2.museosantacruz.org\/index.php?rest_route=\/wp\/v2\/pages"}],"about":[{"href":"https:\/\/ww2.museosantacruz.org\/index.php?rest_route=\/wp\/v2\/types\/page"}],"author":[{"embeddable":true,"href":"https:\/\/ww2.museosantacruz.org\/index.php?rest_route=\/wp\/v2\/users\/1"}],"replies":[{"embeddable":true,"href":"https:\/\/ww2.museosantacruz.org\/index.php?rest_route=%2Fwp%2Fv2%2Fcomments&post=26"}],"version-history":[{"count":16,"href":"https:\/\/ww2.museosantacruz.org\/index.php?rest_route=\/wp\/v2\/pages\/26\/revisions"}],"predecessor-version":[{"id":4533,"href":"https:\/\/ww2.museosantacruz.org\/index.php?rest_route=\/wp\/v2\/pages\/26\/revisions\/4533"}],"up":[{"embeddable":true,"href":"https:\/\/ww2.museosantacruz.org\/index.php?rest_route=\/wp\/v2\/pages\/2"}],"wp:attachment":[{"href":"https:\/\/ww2.museosantacruz.org\/index.php?rest_route=%2Fwp%2Fv2%2Fmedia&parent=26"}],"curies":[{"name":"wp","href":"https:\/\/api.w.org\/{rel}","templated":true}]}}