{"id":2758,"date":"2022-09-08T14:38:16","date_gmt":"2022-09-08T12:38:16","guid":{"rendered":"https:\/\/ww2.museosantacruz.org\/?page_id=2758"},"modified":"2024-02-08T18:48:17","modified_gmt":"2024-02-08T19:48:17","slug":"acame-26-anos-no-es-nada","status":"publish","type":"page","link":"https:\/\/ww2.museosantacruz.org\/?page_id=2758","title":{"rendered":"ACAME: 26 a\u00f1os no es nada&#8230;"},"content":{"rendered":"<p>La <strong>Asociaci\u00f3n Cultural Amigos del Museo Etnol\u00f3gico \u201cJoaqu\u00edn Arias\u201d (A.C.A.M.E.)<\/strong> se cre\u00f3 en el a\u00f1o <strong>1996<\/strong> con el fin de constituir un foco donde se incentivasen y canalizasen los estudios y actividades relacionados con la <strong>Historia, el Patrimonio y la Cultura Popular de Santa Cruz de la Zarza<\/strong> (Toledo).<\/p>\n<p>Las actividades peri\u00f3dicas organizadas por la <strong>Asociaci\u00f3n<\/strong> en el Municipio representan una ocasi\u00f3n para el desarrollo cultural del p\u00fablico en general y para despertar la sensibilidad por los elementos y s\u00edmbolos de <strong>la Cultura Popular<\/strong> como exponente de <strong>la Historia de un Pueblo<\/strong>.<\/p>\n<p>El esp\u00edritu de nuestra Asociaci\u00f3n se basa en la idea de que debemos hacer una Historia para todos, un relato legible para los ciudadanos de Santa Cruz de la Zarza. En definitiva la Historia de un municipio rural, contada en claves del mundo rural.<\/p>\n<ul>\n<li>La primera exposici\u00f3n fue \u201c<a href=\"https:\/\/ww2.museosantacruz.org\/?page_id=26\"><strong>Del Surco a la Era<\/strong>\u201d (<strong>1996<\/strong>)<\/a>, con una parte del inventario que la Asociaci\u00f3n dispon\u00eda entonces de <strong>aperos de labranza<\/strong>: yugos, trillas, arados, herramientas de la \u00e9poca para la labranza y recolecci\u00f3n del campo.<\/li>\n<li>La siguiente exposici\u00f3n (<strong>1997<\/strong>) \u00a0gracias al material que el maestro local D. F\u00e9lix Avia Pe\u00f1a (1921\u20132006) hab\u00eda conservado durante a\u00f1os, convertida despu\u00e9s en exposici\u00f3n permanente, fue <a href=\"https:\/\/ww2.museosantacruz.org\/?page_id=28\">\u201c<strong>La Escuela del Siglo Pasado<\/strong>\u201d<\/a>, en la que se reconstruye un aula escolar similar a las de aquellos a\u00f1os.<\/li>\n<\/ul>\n<p>Adem\u00e1s de las exposiciones se llevaron a cabo \u201c<a href=\"https:\/\/ww2.museosantacruz.org\/?page_id=1520\"><strong>cursos de verano<\/strong>\u201d (<strong>1998 y 1999<\/strong><\/a>) para los mas peque\u00f1os del lugar, bajo la tem\u00e1tica: \u201c<strong>Conoce a una pintora de tu pueblo: Amalia Avia<\/strong>\u201d (1930\u20132011), en la que los ni\u00f1os y\u00a0 ni\u00f1as de distintas edades trabajaron con diferentes t\u00e9cnicas de pintura (carboncillo, acuarela, ceras, etc\u00e9tera), reproduciendo cuadros de la pintora local. En la exposici\u00f3n posterior se mont\u00f3 un espacio con algunos de los objetos representados en los cuadros.<\/p>\n<ul>\n<li>En el <strong>2000<\/strong>, continuando con la tem\u00e1tica de pintores locales, tuvo lugar la la exposici\u00f3n <a href=\"https:\/\/ww2.museosantacruz.org\/?page_id=1172\">\u201c<strong>Santiago Almarza\u201d<\/strong><\/a>.<\/li>\n<li>En el <strong>2001<\/strong>, los de <strong>A.C.A.M.E.<\/strong> nos fuimos de fiestas, con una exposici\u00f3n de fotograf\u00edas y objetos de las <a href=\"https:\/\/ww2.museosantacruz.org\/?page_id=1238\"><strong>Fiestas Locales del Siglo XX<\/strong><\/a> y una recopilaci\u00f3n de los <strong>programas de Fiestas<\/strong> (que permanecen expuestos en el Museo).<\/li>\n<li>En el <strong>2002<\/strong>, la exposici\u00f3n cambi\u00f3 los pinceles por los cinceles con la obra del autor local <strong>Juan Mu\u00f1oz Trenado<\/strong>.<\/li>\n<li>En el <strong>2003<\/strong> se retom\u00f3 la pintura, esta vez con una exposici\u00f3n de cuadros del <strong>taller de pintura local<\/strong>.<\/li>\n<li>En el <strong>2005<\/strong>, la exposici\u00f3n fue sobre el <strong>Taller de Restauraci\u00f3n de la Asociaci\u00f3n de Mujeres \u201cHoras<\/strong>\u201d.<\/li>\n<li>Retorn\u00f3 la tem\u00e1tica de exposiciones temporales en el <strong>2006<\/strong> esta vez a la entonces residente en el pueblo: <strong>Alicia Verdes-Montenegro<\/strong>.<\/li>\n<li>En <strong>2008<\/strong>, <strong>A.C.A.M.E. <\/strong>present\u00f3 una exposici\u00f3n fuera de la <strong>Casa Museo \u201cJoaqu\u00edn Arias\u201d, <\/strong>en el edificio del P\u00f3sito, con una amplia muestra de la obra gr\u00e1fica (vi\u00f1etas y caricaturas) de <a href=\"https:\/\/ww2.museosantacruz.org\/?page_id=1531\"><strong>Santiago Almarza Caballero<\/strong><\/a> (1931\u20132020).<\/li>\n<\/ul>\n<p>L\u00f3gicamente, muchas de las exposiciones temporales se centraron en los trabajos, tradiciones y profesiones del siglo pasado: <strong>Las olivas<\/strong> y <strong>la matanza<\/strong> (2011). <strong>El esparto<\/strong> (2013) (con un taller sobre su t\u00e9cnica y manejo), <a href=\"https:\/\/ww2.museosantacruz.org\/?page_id=1811\"><strong>La Banda de M\u00fasica<\/strong><\/a> (2015), <strong>Carreteros y herreros<\/strong> (2016), <strong>Alba\u00f1iler\u00eda<\/strong> (2017), <strong>Nuestro Cine<\/strong> (2017), <a href=\"https:\/\/ww2.museosantacruz.org\/?page_id=2339\"><strong>De la cepa al lagar<\/strong> <\/a>(2018) y \u201c<a href=\"https:\/\/ww2.museosantacruz.org\/?p=2461\"><strong>Zapatero<\/strong><strong>s<\/strong><\/a>\u201d 2019.<\/p>\n<p>Desde su inicio <strong>A.C.A.M.E \u2013 Joaqu\u00edn Arias<\/strong>, durante m\u00e1s de m\u00e1s de veinticinco a\u00f1os, se ha mantenido y ha seguido trabajando gracias a las aportaciones de sus socios, venta de loter\u00eda y alguna donaci\u00f3n altruista de particulares. Es algo de lo que nos sentimos orgullosos de haberlo logrado, sin apenas medios y hasta el a\u00f1os pasado ninguna ayuda institucional. Por fin, este a\u00f1o hemos obtenido el apoyo, econ\u00f3mico y material del Ayuntamiento, tanto para mantener nuestras actividades como para difundirlas y mostrarlas a nuestros visitantes.<\/p>\n<p>Debemos reconocer y agradecer muy especialmente a quienes desde el primer d\u00eda de la fundaci\u00f3n de la <strong>Asociaci\u00f3n, <\/strong>inasequibles al desaliento, han sido los promotores, sustentadores y alma mater de <strong>A.C.A.M.E.<\/strong>: <strong>V\u00edctor Garc\u00eda Hijon, Alfredo Avia Aranda y Dionisio Torres Belinch\u00f3n<\/strong>, colaborarores principales en el mantenimiento del Museo y en la organizaci\u00f3n de todas las actividad. Y tambi\u00e9n a <strong>Nel Avia Aranda<\/strong>, archivero, documentalista y creador de esta p\u00e1gina <strong>web de A.C.A.M.E.<\/strong><\/p>\n<p>Y, por supuesto, nuestra mayor gratitud a nuestros socios. Muchas gracias y esperemos continuar haciendo camino.<\/p>\n","protected":false},"excerpt":{"rendered":"<p>La Asociaci\u00f3n Cultural Amigos del Museo Etnol\u00f3gico \u201cJoaqu\u00edn Arias\u201d (A.C.A.M.E.) se cre\u00f3 en el a\u00f1o 1996 con el fin de constituir un foco donde se incentivasen y canalizasen los estudios y actividades relacionados con la Historia, el Patrimonio y la Cultura Popular de Santa Cruz de la Zarza (Toledo). Las&#8230; <a class=\"continue-reading-link\" href=\"https:\/\/ww2.museosantacruz.org\/?page_id=2758\">Continue reading<\/a><\/p>\n","protected":false},"author":1,"featured_media":0,"parent":13,"menu_order":0,"comment_status":"closed","ping_status":"closed","template":"","meta":{"footnotes":""},"class_list":["post-2758","page","type-page","status-publish","hentry"],"_links":{"self":[{"href":"https:\/\/ww2.museosantacruz.org\/index.php?rest_route=\/wp\/v2\/pages\/2758","targetHints":{"allow":["GET"]}}],"collection":[{"href":"https:\/\/ww2.museosantacruz.org\/index.php?rest_route=\/wp\/v2\/pages"}],"about":[{"href":"https:\/\/ww2.museosantacruz.org\/index.php?rest_route=\/wp\/v2\/types\/page"}],"author":[{"embeddable":true,"href":"https:\/\/ww2.museosantacruz.org\/index.php?rest_route=\/wp\/v2\/users\/1"}],"replies":[{"embeddable":true,"href":"https:\/\/ww2.museosantacruz.org\/index.php?rest_route=%2Fwp%2Fv2%2Fcomments&post=2758"}],"version-history":[{"count":6,"href":"https:\/\/ww2.museosantacruz.org\/index.php?rest_route=\/wp\/v2\/pages\/2758\/revisions"}],"predecessor-version":[{"id":3687,"href":"https:\/\/ww2.museosantacruz.org\/index.php?rest_route=\/wp\/v2\/pages\/2758\/revisions\/3687"}],"up":[{"embeddable":true,"href":"https:\/\/ww2.museosantacruz.org\/index.php?rest_route=\/wp\/v2\/pages\/13"}],"wp:attachment":[{"href":"https:\/\/ww2.museosantacruz.org\/index.php?rest_route=%2Fwp%2Fv2%2Fmedia&parent=2758"}],"curies":[{"name":"wp","href":"https:\/\/api.w.org\/{rel}","templated":true}]}}