{"id":3724,"date":"2024-02-15T20:48:09","date_gmt":"2024-02-15T21:48:09","guid":{"rendered":"https:\/\/ww2.museosantacruz.org\/?page_id=3724"},"modified":"2024-03-10T11:50:52","modified_gmt":"2024-03-10T12:50:52","slug":"libro-de-privilegios-2","status":"publish","type":"page","link":"https:\/\/ww2.museosantacruz.org\/?page_id=3724","title":{"rendered":"Libro de Privilegios"},"content":{"rendered":"<p><a href=\"https:\/\/ww2.museosantacruz.org\/wp-content\/uploads\/2024\/02\/MENU-Principal-OPT.pdf\" download=\"Libro de Privilegios\"><img loading=\"lazy\" decoding=\"async\" class=\" wp-image-3730 alignright\" src=\"https:\/\/ww2.museosantacruz.org\/wp-content\/uploads\/2024\/02\/15.02.2024_21.56.51_REC.png\" alt=\"\" width=\"125\" height=\"134\" srcset=\"https:\/\/ww2.museosantacruz.org\/wp-content\/uploads\/2024\/02\/15.02.2024_21.56.51_REC.png 308w, https:\/\/ww2.museosantacruz.org\/wp-content\/uploads\/2024\/02\/15.02.2024_21.56.51_REC-280x300.png 280w, https:\/\/ww2.museosantacruz.org\/wp-content\/uploads\/2024\/02\/15.02.2024_21.56.51_REC-140x150.png 140w\" sizes=\"auto, (max-width: 125px) 100vw, 125px\" \/><\/a>Bienvenidos a esta nueva versi\u00f3n del <span style=\"color: #800000;\"><strong>Libro de Privilegios de Santa Cruz de la Zarza. <\/strong><\/span>Aqu\u00ed pod\u00e9is <a href=\"https:\/\/ww2.museosantacruz.org\/wp-content\/uploads\/2024\/02\/MENU-Principal-OPT.pdf\"><strong>descargar<\/strong> <\/a>la versi\u00f3n digital del Libro.<br \/>\nY pod\u00e9is leer <span style=\"color: #000080;\"><strong><a style=\"color: #000080;\" href=\"https:\/\/ww2.museosantacruz.org\/?page_id=3718\">aqu\u00ed una Introducci\u00f3n<\/a><\/strong><\/span> de lo que signific\u00f3 este libro en nuestra historia.<br \/>\nY <strong><a href=\"https:\/\/ww2.museosantacruz.org\/?page_id=3720\"><span style=\"color: #000080;\">aqu\u00ed c\u00f3mo se hicieron las ediciones digitales.<\/span><\/a><\/strong><\/p>\n<p><strong><span style=\"color: #800000;\">Ayuda<\/span><\/strong><\/p>\n<ul>\n<li><strong>Importante<\/strong>: la vista del Libro en un navegador web no es la adecuada, ya que <strong>no es interactiva<\/strong> ni se muestra como una sola pantalla.<\/li>\n<li><strong>En vez de pinchar sobre la imagen<\/strong>, es preferible<strong> descargar en local el fichero<\/strong><strong>, situando el puntero <\/strong>sobre la imagen y, <strong>con el bot\u00f3n derecho del rat\u00f3n, elegir \u00abGuardar enlace como&#8230;\u00bb.<\/strong><\/li>\n<li>Y <strong>ya ten\u00e9is el Libro en local<\/strong> en vuestro equipo (habitualmente en \u00ab<strong>Descargas<\/strong>\u00ab).<\/li>\n<li>Buscadlo y abridlo (normalmente, se abrir\u00e1 con Acrobat Reader).<\/li>\n<li>Una vez abierto <strong>pulsad CTRL+L y CTRL+H<\/strong> para verlo a pantalla completa y <strong>CTRL+K<\/strong> para permitir la reproducci\u00f3n de m\u00fasica.<\/li>\n<li><strong>Pulsad en las pesta\u00f1as<\/strong> de la derecha y la izquierda para \u00abmoveros\u00bb en el documento.<\/li>\n<li><strong>Para avanzar \/ retroceder<\/strong> en el Libro pod\u00e9is usar la <strong>rueda del rat\u00f3n.<\/strong><\/li>\n<\/ul>\n<p><span style=\"color: #800000;\"><strong><code><!--more--><\/code><\/strong><\/span><\/p>\n<p><strong>NOTAS:<\/strong><\/p>\n<ol>\n<li>En esta versi\u00f3n en PDF no est\u00e1 disponible la descarga de libros para impresi\u00f3n (Manuscrito, transcripci\u00f3n, texto, etc.)<\/li>\n<li>Los libros para impresi\u00f3n pueden descargarse directamente desde la <a href=\"https:\/\/ww2.museosantacruz.org\/?page_id=3780\"><strong>web<\/strong><\/a><\/li>\n<li><strong>Para poder escuchar la selecci\u00f3n de m\u00fasica<\/strong> del pdf es necesario configurar Acrobat Reader (pulse\u00a0<strong><span class=\"kbd\">Ctrl+K<\/span><\/strong> en Windows o <strong><span class=\"kbd\">Comando+K<\/span><\/strong> en macOS) para abrir \u00ab<span class=\"uicontrol\">Preferencias\u00bb<\/span>. Seleccione \u00ab<span class=\"uicontrol\">Multimedia (heredado)\u00bb<\/span> &gt; \u00ab<span class=\"uicontrol\">Opciones de reproductor\u00bb y marque que <\/span><strong>permita la reproducci\u00f3n de elementos multimedia.<\/strong><\/li>\n<li>Para aclarar cualquier otra duda, pueden poner su consulta en la secci\u00f3n de \u201cComentarios\u201d de esta p\u00e1gina.<\/li>\n<\/ol>\n<div style=\"width: 900px;\" class=\"wp-video\"><!--[if lt IE 9]><script>document.createElement('video');<\/script><![endif]-->\n<video class=\"wp-video-shortcode\" id=\"video-3724-1\" width=\"900\" height=\"586\" preload=\"metadata\" controls=\"controls\"><source type=\"video\/mp4\" src=\"https:\/\/ww2.museosantacruz.org\/wp-content\/uploads\/2024\/02\/VIDEO-PRIVILEGIOS_AYUDA.mp4?_=1\" \/><a href=\"https:\/\/ww2.museosantacruz.org\/wp-content\/uploads\/2024\/02\/VIDEO-PRIVILEGIOS_AYUDA.mp4\">https:\/\/ww2.museosantacruz.org\/wp-content\/uploads\/2024\/02\/VIDEO-PRIVILEGIOS_AYUDA.mp4<\/a><\/video><\/div>\n","protected":false},"excerpt":{"rendered":"<p>Bienvenidos a esta nueva versi\u00f3n del Libro de Privilegios de Santa Cruz de la Zarza. Aqu\u00ed pod\u00e9is descargar la versi\u00f3n digital del Libro. Y pod\u00e9is leer aqu\u00ed una Introducci\u00f3n de lo que signific\u00f3 este libro en nuestra historia. Y aqu\u00ed c\u00f3mo se hicieron las ediciones digitales. Ayuda Importante: la vista&#8230; <a class=\"continue-reading-link\" href=\"https:\/\/ww2.museosantacruz.org\/?page_id=3724\">Continue reading<\/a><\/p>\n","protected":false},"author":1,"featured_media":0,"parent":54,"menu_order":0,"comment_status":"open","ping_status":"closed","template":"","meta":{"footnotes":""},"class_list":["post-3724","page","type-page","status-publish","hentry"],"_links":{"self":[{"href":"https:\/\/ww2.museosantacruz.org\/index.php?rest_route=\/wp\/v2\/pages\/3724","targetHints":{"allow":["GET"]}}],"collection":[{"href":"https:\/\/ww2.museosantacruz.org\/index.php?rest_route=\/wp\/v2\/pages"}],"about":[{"href":"https:\/\/ww2.museosantacruz.org\/index.php?rest_route=\/wp\/v2\/types\/page"}],"author":[{"embeddable":true,"href":"https:\/\/ww2.museosantacruz.org\/index.php?rest_route=\/wp\/v2\/users\/1"}],"replies":[{"embeddable":true,"href":"https:\/\/ww2.museosantacruz.org\/index.php?rest_route=%2Fwp%2Fv2%2Fcomments&post=3724"}],"version-history":[{"count":37,"href":"https:\/\/ww2.museosantacruz.org\/index.php?rest_route=\/wp\/v2\/pages\/3724\/revisions"}],"predecessor-version":[{"id":3907,"href":"https:\/\/ww2.museosantacruz.org\/index.php?rest_route=\/wp\/v2\/pages\/3724\/revisions\/3907"}],"up":[{"embeddable":true,"href":"https:\/\/ww2.museosantacruz.org\/index.php?rest_route=\/wp\/v2\/pages\/54"}],"wp:attachment":[{"href":"https:\/\/ww2.museosantacruz.org\/index.php?rest_route=%2Fwp%2Fv2%2Fmedia&parent=3724"}],"curies":[{"name":"wp","href":"https:\/\/api.w.org\/{rel}","templated":true}]}}